{"id":5011,"date":"2023-05-19T00:52:27","date_gmt":"2023-05-18T22:52:27","guid":{"rendered":"http:\/\/mal-auray.org\/?page_id=5011"},"modified":"2024-07-09T21:38:34","modified_gmt":"2024-07-09T19:38:34","slug":"piano","status":"publish","type":"page","link":"http:\/\/mal-auray.org\/index.php\/piano\/","title":{"rendered":"Piano"},"content":{"rendered":"<h3>NOUVEAU<\/h3>\n<p>Cours de piano p\u00e9dagogiques, ludiques, adapt\u00e9s au niveau et envie de l\u2019\u00e9l\u00e8ve. Possibilit\u00e9 d\u2019associer le chant. R\u00e9pertoires vari\u00e9s. Apprentissage du solf\u00e8ge et de l\u2019instrument au fur et \u00e0 mesure de la progression. Travail sur partitions, grille d\u2019accords, improvisation.<br \/>\nM\u00e9thode \u201cle piano ouvert\u201d pour les grands d\u00e9butants.<br \/>\nCours de 30 min en bin\u00f4me. Cours individuels de \u00bd heure : tarif double.<\/p>\n<p><strong>Intervenante :<\/strong> Marl\u00e8ne BINET<\/p>\n<blockquote><p><strong>Horaires, tarifs et inscriptions :<\/strong> <a href=\"https:\/\/mal-auray.goasso.org\/activites?q%5Bactivity_schedules_schedule_type_in%5D%5B%5D=0&amp;q%5Bactivity_schedules_schedule_type_in%5D%5B%5D=3&amp;q%5Bactivity_schedules_sub_schedule_type_eq%5D=0\">c&rsquo;est par ici<\/a><\/p><\/blockquote>\n","protected":false},"excerpt":{"rendered":"<p>NOUVEAU Cours de piano p\u00e9dagogiques, ludiques, adapt\u00e9s au niveau et envie de l\u2019\u00e9l\u00e8ve. Possibilit\u00e9 d\u2019associer le chant. R\u00e9pertoires vari\u00e9s. Apprentissage du solf\u00e8ge et de l\u2019instrument au fur et \u00e0 mesure de la progression. Travail sur partitions, grille d\u2019accords, improvisation. M\u00e9thode \u201cle piano ouvert\u201d pour les grands d\u00e9butants. Cours de 30 min en bin\u00f4me. Cours individuels&hellip;<\/p>\n","protected":false},"author":3,"featured_media":0,"parent":0,"menu_order":0,"comment_status":"closed","ping_status":"closed","template":"","meta":[],"yoast_head":"<!-- This site is optimized with the Yoast SEO plugin v20.4 - https:\/\/yoast.com\/wordpress\/plugins\/seo\/ -->\n<title>Piano - La MAL d&#039;Auray<\/title>\n<meta name=\"description\" content=\"Cours de piano p\u00e9dagogiques, ludiques, adapt\u00e9s au niveau et envie de l\u2019\u00e9l\u00e8ve. Possibilit\u00e9 d\u2019associer le chant. R\u00e9pertoires vari\u00e9s.\" \/>\n<meta name=\"robots\" content=\"index, follow, max-snippet:-1, max-image-preview:large, max-video-preview:-1\" \/>\n<link rel=\"canonical\" href=\"https:\/\/mal-auray.org\/index.php\/piano\/\" \/>\n<meta property=\"og:locale\" content=\"fr_FR\" \/>\n<meta property=\"og:type\" content=\"article\" \/>\n<meta property=\"og:title\" content=\"Piano - La MAL d&#039;Auray\" \/>\n<meta property=\"og:description\" content=\"Cours de piano p\u00e9dagogiques, ludiques, adapt\u00e9s au niveau et envie de l\u2019\u00e9l\u00e8ve. Possibilit\u00e9 d\u2019associer le chant. R\u00e9pertoires vari\u00e9s.\" \/>\n<meta property=\"og:url\" content=\"https:\/\/mal-auray.org\/index.php\/piano\/\" \/>\n<meta property=\"og:site_name\" content=\"La MAL d&#039;Auray\" \/>\n<meta property=\"article:publisher\" content=\"https:\/\/www.facebook.com\/MaisonAnimationLoisirs\/\" \/>\n<meta property=\"article:modified_time\" content=\"2024-07-09T19:38:34+00:00\" \/>\n<meta name=\"twitter:card\" content=\"summary_large_image\" \/>\n<meta name=\"twitter:label1\" content=\"Dur\u00e9e de lecture estim\u00e9e\" \/>\n\t<meta name=\"twitter:data1\" content=\"1 minute\" \/>\n<script type=\"application\/ld+json\" class=\"yoast-schema-graph\">{\"@context\":\"https:\/\/schema.org\",\"@graph\":[{\"@type\":\"WebPage\",\"@id\":\"https:\/\/mal-auray.org\/index.php\/piano\/\",\"url\":\"https:\/\/mal-auray.org\/index.php\/piano\/\",\"name\":\"Piano - La MAL d&#039;Auray\",\"isPartOf\":{\"@id\":\"http:\/\/mal-auray.org\/#website\"},\"datePublished\":\"2023-05-18T22:52:27+00:00\",\"dateModified\":\"2024-07-09T19:38:34+00:00\",\"description\":\"Cours de piano p\u00e9dagogiques, ludiques, adapt\u00e9s au niveau et envie de l\u2019\u00e9l\u00e8ve. Possibilit\u00e9 d\u2019associer le chant. R\u00e9pertoires vari\u00e9s.\",\"breadcrumb\":{\"@id\":\"https:\/\/mal-auray.org\/index.php\/piano\/#breadcrumb\"},\"inLanguage\":\"fr-FR\",\"potentialAction\":[{\"@type\":\"ReadAction\",\"target\":[\"https:\/\/mal-auray.org\/index.php\/piano\/\"]}]},{\"@type\":\"BreadcrumbList\",\"@id\":\"https:\/\/mal-auray.org\/index.php\/piano\/#breadcrumb\",\"itemListElement\":[{\"@type\":\"ListItem\",\"position\":1,\"name\":\"Accueil\",\"item\":\"http:\/\/mal-auray.org\/\"},{\"@type\":\"ListItem\",\"position\":2,\"name\":\"Piano\"}]},{\"@type\":\"WebSite\",\"@id\":\"http:\/\/mal-auray.org\/#website\",\"url\":\"http:\/\/mal-auray.org\/\",\"name\":\"La MAL d&#039;Auray\",\"description\":\"Une association de loisirs pour tous\",\"publisher\":{\"@id\":\"http:\/\/mal-auray.org\/#organization\"},\"potentialAction\":[{\"@type\":\"SearchAction\",\"target\":{\"@type\":\"EntryPoint\",\"urlTemplate\":\"http:\/\/mal-auray.org\/?s={search_term_string}\"},\"query-input\":\"required name=search_term_string\"}],\"inLanguage\":\"fr-FR\"},{\"@type\":\"Organization\",\"@id\":\"http:\/\/mal-auray.org\/#organization\",\"name\":\"La MAL d&#039;Auray\",\"url\":\"http:\/\/mal-auray.org\/\",\"logo\":{\"@type\":\"ImageObject\",\"inLanguage\":\"fr-FR\",\"@id\":\"http:\/\/mal-auray.org\/#\/schema\/logo\/image\/\",\"url\":\"http:\/\/mal-auray.org\/wp-content\/uploads\/2017\/09\/logo-MAL.png\",\"contentUrl\":\"http:\/\/mal-auray.org\/wp-content\/uploads\/2017\/09\/logo-MAL.png\",\"width\":198,\"height\":65,\"caption\":\"La MAL d&#039;Auray\"},\"image\":{\"@id\":\"http:\/\/mal-auray.org\/#\/schema\/logo\/image\/\"},\"sameAs\":[\"https:\/\/www.facebook.com\/MaisonAnimationLoisirs\/\"]}]}<\/script>\n<!-- \/ Yoast SEO plugin. -->","yoast_head_json":{"title":"Piano - La MAL d&#039;Auray","description":"Cours de piano p\u00e9dagogiques, ludiques, adapt\u00e9s au niveau et envie de l\u2019\u00e9l\u00e8ve. Possibilit\u00e9 d\u2019associer le chant. R\u00e9pertoires vari\u00e9s.","robots":{"index":"index","follow":"follow","max-snippet":"max-snippet:-1","max-image-preview":"max-image-preview:large","max-video-preview":"max-video-preview:-1"},"canonical":"https:\/\/mal-auray.org\/index.php\/piano\/","og_locale":"fr_FR","og_type":"article","og_title":"Piano - La MAL d&#039;Auray","og_description":"Cours de piano p\u00e9dagogiques, ludiques, adapt\u00e9s au niveau et envie de l\u2019\u00e9l\u00e8ve. Possibilit\u00e9 d\u2019associer le chant. R\u00e9pertoires vari\u00e9s.","og_url":"https:\/\/mal-auray.org\/index.php\/piano\/","og_site_name":"La MAL d&#039;Auray","article_publisher":"https:\/\/www.facebook.com\/MaisonAnimationLoisirs\/","article_modified_time":"2024-07-09T19:38:34+00:00","twitter_card":"summary_large_image","twitter_misc":{"Dur\u00e9e de lecture estim\u00e9e":"1 minute"},"schema":{"@context":"https:\/\/schema.org","@graph":[{"@type":"WebPage","@id":"https:\/\/mal-auray.org\/index.php\/piano\/","url":"https:\/\/mal-auray.org\/index.php\/piano\/","name":"Piano - La MAL d&#039;Auray","isPartOf":{"@id":"http:\/\/mal-auray.org\/#website"},"datePublished":"2023-05-18T22:52:27+00:00","dateModified":"2024-07-09T19:38:34+00:00","description":"Cours de piano p\u00e9dagogiques, ludiques, adapt\u00e9s au niveau et envie de l\u2019\u00e9l\u00e8ve. Possibilit\u00e9 d\u2019associer le chant. R\u00e9pertoires vari\u00e9s.","breadcrumb":{"@id":"https:\/\/mal-auray.org\/index.php\/piano\/#breadcrumb"},"inLanguage":"fr-FR","potentialAction":[{"@type":"ReadAction","target":["https:\/\/mal-auray.org\/index.php\/piano\/"]}]},{"@type":"BreadcrumbList","@id":"https:\/\/mal-auray.org\/index.php\/piano\/#breadcrumb","itemListElement":[{"@type":"ListItem","position":1,"name":"Accueil","item":"http:\/\/mal-auray.org\/"},{"@type":"ListItem","position":2,"name":"Piano"}]},{"@type":"WebSite","@id":"http:\/\/mal-auray.org\/#website","url":"http:\/\/mal-auray.org\/","name":"La MAL d&#039;Auray","description":"Une association de loisirs pour tous","publisher":{"@id":"http:\/\/mal-auray.org\/#organization"},"potentialAction":[{"@type":"SearchAction","target":{"@type":"EntryPoint","urlTemplate":"http:\/\/mal-auray.org\/?s={search_term_string}"},"query-input":"required name=search_term_string"}],"inLanguage":"fr-FR"},{"@type":"Organization","@id":"http:\/\/mal-auray.org\/#organization","name":"La MAL d&#039;Auray","url":"http:\/\/mal-auray.org\/","logo":{"@type":"ImageObject","inLanguage":"fr-FR","@id":"http:\/\/mal-auray.org\/#\/schema\/logo\/image\/","url":"http:\/\/mal-auray.org\/wp-content\/uploads\/2017\/09\/logo-MAL.png","contentUrl":"http:\/\/mal-auray.org\/wp-content\/uploads\/2017\/09\/logo-MAL.png","width":198,"height":65,"caption":"La MAL d&#039;Auray"},"image":{"@id":"http:\/\/mal-auray.org\/#\/schema\/logo\/image\/"},"sameAs":["https:\/\/www.facebook.com\/MaisonAnimationLoisirs\/"]}]}},"_links":{"self":[{"href":"http:\/\/mal-auray.org\/index.php\/wp-json\/wp\/v2\/pages\/5011"}],"collection":[{"href":"http:\/\/mal-auray.org\/index.php\/wp-json\/wp\/v2\/pages"}],"about":[{"href":"http:\/\/mal-auray.org\/index.php\/wp-json\/wp\/v2\/types\/page"}],"author":[{"embeddable":true,"href":"http:\/\/mal-auray.org\/index.php\/wp-json\/wp\/v2\/users\/3"}],"replies":[{"embeddable":true,"href":"http:\/\/mal-auray.org\/index.php\/wp-json\/wp\/v2\/comments?post=5011"}],"version-history":[{"count":7,"href":"http:\/\/mal-auray.org\/index.php\/wp-json\/wp\/v2\/pages\/5011\/revisions"}],"predecessor-version":[{"id":5955,"href":"http:\/\/mal-auray.org\/index.php\/wp-json\/wp\/v2\/pages\/5011\/revisions\/5955"}],"wp:attachment":[{"href":"http:\/\/mal-auray.org\/index.php\/wp-json\/wp\/v2\/media?parent=5011"}],"curies":[{"name":"wp","href":"https:\/\/api.w.org\/{rel}","templated":true}]}}