{"id":4908,"date":"2023-05-18T20:34:40","date_gmt":"2023-05-18T18:34:40","guid":{"rendered":"http:\/\/mal-auray.org\/?page_id=4908"},"modified":"2024-07-09T21:39:28","modified_gmt":"2024-07-09T19:39:28","slug":"le-rdv-des-guitaristes","status":"publish","type":"page","link":"http:\/\/mal-auray.org\/index.php\/le-rdv-des-guitaristes\/","title":{"rendered":"Le rdv des guitaristes"},"content":{"rendered":"<p>Une fois par mois, ouvert \u00e0 tous niveaux, moment de partage et d\u2019\u00e9changes \u00e0 la guitare acoustique.<\/p>\n<p>Travail sur les morceaux choisis pour le prochain ap\u00e9ro guitare.<\/p>\n<p><strong>Intervenant :<\/strong> Michel TANESY<\/p>\n<blockquote><p><strong>Horaires, tarifs et inscriptions :<\/strong> <a href=\"https:\/\/mal-auray.goasso.org\/activites?q%5Bactivity_schedules_schedule_type_in%5D%5B%5D=0&amp;q%5Bactivity_schedules_schedule_type_in%5D%5B%5D=3&amp;q%5Bactivity_schedules_sub_schedule_type_eq%5D=0\">c&rsquo;est par ici<\/a><\/p><\/blockquote>\n","protected":false},"excerpt":{"rendered":"<p>Une fois par mois, ouvert \u00e0 tous niveaux, moment de partage et d\u2019\u00e9changes \u00e0 la guitare acoustique. Travail sur les morceaux choisis pour le prochain ap\u00e9ro guitare. Intervenant : Michel TANESY Horaires, tarifs et inscriptions : c&rsquo;est par ici<\/p>\n","protected":false},"author":3,"featured_media":0,"parent":0,"menu_order":0,"comment_status":"closed","ping_status":"closed","template":"","meta":[],"yoast_head":"<!-- This site is optimized with the Yoast SEO plugin v20.4 - https:\/\/yoast.com\/wordpress\/plugins\/seo\/ -->\n<title>Le rdv des guitaristes - La MAL d&#039;Auray<\/title>\n<meta name=\"robots\" content=\"index, follow, max-snippet:-1, max-image-preview:large, max-video-preview:-1\" \/>\n<link rel=\"canonical\" href=\"http:\/\/mal-auray.org\/index.php\/le-rdv-des-guitaristes\/\" \/>\n<meta property=\"og:locale\" content=\"fr_FR\" \/>\n<meta property=\"og:type\" content=\"article\" \/>\n<meta property=\"og:title\" content=\"Le rdv des guitaristes - La MAL d&#039;Auray\" \/>\n<meta property=\"og:description\" content=\"Une fois par mois, ouvert \u00e0 tous niveaux, moment de partage et d\u2019\u00e9changes \u00e0 la guitare acoustique. Travail sur les morceaux choisis pour le prochain ap\u00e9ro guitare. Intervenant : Michel TANESY Horaires, tarifs et inscriptions : c&rsquo;est par ici\" \/>\n<meta property=\"og:url\" content=\"http:\/\/mal-auray.org\/index.php\/le-rdv-des-guitaristes\/\" \/>\n<meta property=\"og:site_name\" content=\"La MAL d&#039;Auray\" \/>\n<meta property=\"article:publisher\" content=\"https:\/\/www.facebook.com\/MaisonAnimationLoisirs\/\" \/>\n<meta property=\"article:modified_time\" content=\"2024-07-09T19:39:28+00:00\" \/>\n<meta name=\"twitter:card\" content=\"summary_large_image\" \/>\n<meta name=\"twitter:label1\" content=\"Dur\u00e9e de lecture estim\u00e9e\" \/>\n\t<meta name=\"twitter:data1\" content=\"1 minute\" \/>\n<script type=\"application\/ld+json\" class=\"yoast-schema-graph\">{\"@context\":\"https:\/\/schema.org\",\"@graph\":[{\"@type\":\"WebPage\",\"@id\":\"http:\/\/mal-auray.org\/index.php\/le-rdv-des-guitaristes\/\",\"url\":\"http:\/\/mal-auray.org\/index.php\/le-rdv-des-guitaristes\/\",\"name\":\"Le rdv des guitaristes - La MAL d&#039;Auray\",\"isPartOf\":{\"@id\":\"http:\/\/mal-auray.org\/#website\"},\"datePublished\":\"2023-05-18T18:34:40+00:00\",\"dateModified\":\"2024-07-09T19:39:28+00:00\",\"breadcrumb\":{\"@id\":\"http:\/\/mal-auray.org\/index.php\/le-rdv-des-guitaristes\/#breadcrumb\"},\"inLanguage\":\"fr-FR\",\"potentialAction\":[{\"@type\":\"ReadAction\",\"target\":[\"http:\/\/mal-auray.org\/index.php\/le-rdv-des-guitaristes\/\"]}]},{\"@type\":\"BreadcrumbList\",\"@id\":\"http:\/\/mal-auray.org\/index.php\/le-rdv-des-guitaristes\/#breadcrumb\",\"itemListElement\":[{\"@type\":\"ListItem\",\"position\":1,\"name\":\"Accueil\",\"item\":\"http:\/\/mal-auray.org\/\"},{\"@type\":\"ListItem\",\"position\":2,\"name\":\"Le rdv des guitaristes\"}]},{\"@type\":\"WebSite\",\"@id\":\"http:\/\/mal-auray.org\/#website\",\"url\":\"http:\/\/mal-auray.org\/\",\"name\":\"La MAL d&#039;Auray\",\"description\":\"Une association de loisirs pour tous\",\"publisher\":{\"@id\":\"http:\/\/mal-auray.org\/#organization\"},\"potentialAction\":[{\"@type\":\"SearchAction\",\"target\":{\"@type\":\"EntryPoint\",\"urlTemplate\":\"http:\/\/mal-auray.org\/?s={search_term_string}\"},\"query-input\":\"required name=search_term_string\"}],\"inLanguage\":\"fr-FR\"},{\"@type\":\"Organization\",\"@id\":\"http:\/\/mal-auray.org\/#organization\",\"name\":\"La MAL d&#039;Auray\",\"url\":\"http:\/\/mal-auray.org\/\",\"logo\":{\"@type\":\"ImageObject\",\"inLanguage\":\"fr-FR\",\"@id\":\"http:\/\/mal-auray.org\/#\/schema\/logo\/image\/\",\"url\":\"http:\/\/mal-auray.org\/wp-content\/uploads\/2017\/09\/logo-MAL.png\",\"contentUrl\":\"http:\/\/mal-auray.org\/wp-content\/uploads\/2017\/09\/logo-MAL.png\",\"width\":198,\"height\":65,\"caption\":\"La MAL d&#039;Auray\"},\"image\":{\"@id\":\"http:\/\/mal-auray.org\/#\/schema\/logo\/image\/\"},\"sameAs\":[\"https:\/\/www.facebook.com\/MaisonAnimationLoisirs\/\"]}]}<\/script>\n<!-- \/ Yoast SEO plugin. -->","yoast_head_json":{"title":"Le rdv des guitaristes - La MAL d&#039;Auray","robots":{"index":"index","follow":"follow","max-snippet":"max-snippet:-1","max-image-preview":"max-image-preview:large","max-video-preview":"max-video-preview:-1"},"canonical":"http:\/\/mal-auray.org\/index.php\/le-rdv-des-guitaristes\/","og_locale":"fr_FR","og_type":"article","og_title":"Le rdv des guitaristes - La MAL d&#039;Auray","og_description":"Une fois par mois, ouvert \u00e0 tous niveaux, moment de partage et d\u2019\u00e9changes \u00e0 la guitare acoustique. Travail sur les morceaux choisis pour le prochain ap\u00e9ro guitare. Intervenant : Michel TANESY Horaires, tarifs et inscriptions : c&rsquo;est par ici","og_url":"http:\/\/mal-auray.org\/index.php\/le-rdv-des-guitaristes\/","og_site_name":"La MAL d&#039;Auray","article_publisher":"https:\/\/www.facebook.com\/MaisonAnimationLoisirs\/","article_modified_time":"2024-07-09T19:39:28+00:00","twitter_card":"summary_large_image","twitter_misc":{"Dur\u00e9e de lecture estim\u00e9e":"1 minute"},"schema":{"@context":"https:\/\/schema.org","@graph":[{"@type":"WebPage","@id":"http:\/\/mal-auray.org\/index.php\/le-rdv-des-guitaristes\/","url":"http:\/\/mal-auray.org\/index.php\/le-rdv-des-guitaristes\/","name":"Le rdv des guitaristes - La MAL d&#039;Auray","isPartOf":{"@id":"http:\/\/mal-auray.org\/#website"},"datePublished":"2023-05-18T18:34:40+00:00","dateModified":"2024-07-09T19:39:28+00:00","breadcrumb":{"@id":"http:\/\/mal-auray.org\/index.php\/le-rdv-des-guitaristes\/#breadcrumb"},"inLanguage":"fr-FR","potentialAction":[{"@type":"ReadAction","target":["http:\/\/mal-auray.org\/index.php\/le-rdv-des-guitaristes\/"]}]},{"@type":"BreadcrumbList","@id":"http:\/\/mal-auray.org\/index.php\/le-rdv-des-guitaristes\/#breadcrumb","itemListElement":[{"@type":"ListItem","position":1,"name":"Accueil","item":"http:\/\/mal-auray.org\/"},{"@type":"ListItem","position":2,"name":"Le rdv des guitaristes"}]},{"@type":"WebSite","@id":"http:\/\/mal-auray.org\/#website","url":"http:\/\/mal-auray.org\/","name":"La MAL d&#039;Auray","description":"Une association de loisirs pour tous","publisher":{"@id":"http:\/\/mal-auray.org\/#organization"},"potentialAction":[{"@type":"SearchAction","target":{"@type":"EntryPoint","urlTemplate":"http:\/\/mal-auray.org\/?s={search_term_string}"},"query-input":"required name=search_term_string"}],"inLanguage":"fr-FR"},{"@type":"Organization","@id":"http:\/\/mal-auray.org\/#organization","name":"La MAL d&#039;Auray","url":"http:\/\/mal-auray.org\/","logo":{"@type":"ImageObject","inLanguage":"fr-FR","@id":"http:\/\/mal-auray.org\/#\/schema\/logo\/image\/","url":"http:\/\/mal-auray.org\/wp-content\/uploads\/2017\/09\/logo-MAL.png","contentUrl":"http:\/\/mal-auray.org\/wp-content\/uploads\/2017\/09\/logo-MAL.png","width":198,"height":65,"caption":"La MAL d&#039;Auray"},"image":{"@id":"http:\/\/mal-auray.org\/#\/schema\/logo\/image\/"},"sameAs":["https:\/\/www.facebook.com\/MaisonAnimationLoisirs\/"]}]}},"_links":{"self":[{"href":"http:\/\/mal-auray.org\/index.php\/wp-json\/wp\/v2\/pages\/4908"}],"collection":[{"href":"http:\/\/mal-auray.org\/index.php\/wp-json\/wp\/v2\/pages"}],"about":[{"href":"http:\/\/mal-auray.org\/index.php\/wp-json\/wp\/v2\/types\/page"}],"author":[{"embeddable":true,"href":"http:\/\/mal-auray.org\/index.php\/wp-json\/wp\/v2\/users\/3"}],"replies":[{"embeddable":true,"href":"http:\/\/mal-auray.org\/index.php\/wp-json\/wp\/v2\/comments?post=4908"}],"version-history":[{"count":6,"href":"http:\/\/mal-auray.org\/index.php\/wp-json\/wp\/v2\/pages\/4908\/revisions"}],"predecessor-version":[{"id":5958,"href":"http:\/\/mal-auray.org\/index.php\/wp-json\/wp\/v2\/pages\/4908\/revisions\/5958"}],"wp:attachment":[{"href":"http:\/\/mal-auray.org\/index.php\/wp-json\/wp\/v2\/media?parent=4908"}],"curies":[{"name":"wp","href":"https:\/\/api.w.org\/{rel}","templated":true}]}}

<p>Une fois par mois, ouvert à tous niveaux, moment de partage et d’échanges à la guitare acoustique.</p>
<p>Travail sur les morceaux choisis pour le prochain apéro guitare.</p>
<p><strong>Intervenant :</strong> Michel TANESY</p>
<blockquote><p><strong>Horaires, tarifs et inscriptions :</strong> <a href="https://mal-auray.goasso.org/activites?q%5Bactivity_schedules_schedule_type_in%5D%5B%5D=0&amp;q%5Bactivity_schedules_schedule_type_in%5D%5B%5D=3&amp;q%5Bactivity_schedules_sub_schedule_type_eq%5D=0">c&rsquo;est par ici</a></p></blockquote>

<p>Une fois par mois, ouvert à tous niveaux, moment de partage et d’échanges à la guitare acoustique. Travail sur les morceaux choisis pour le prochain apéro guitare. Intervenant : Michel TANESY Horaires, tarifs et inscriptions : c&rsquo;est par ici</p>

<!-- This site is optimized with the Yoast SEO plugin v20.4 - https://yoast.com/wordpress/plugins/seo/ -->
<title>Le rdv des guitaristes - La MAL d&#039;Auray</title>
<meta name="robots" content="index, follow, max-snippet:-1, max-image-preview:large, max-video-preview:-1" />
<link rel="canonical" href="http://mal-auray.org/index.php/le-rdv-des-guitaristes/" />
<meta property="og:locale" content="fr_FR" />
<meta property="og:type" content="article" />
<meta property="og:title" content="Le rdv des guitaristes - La MAL d&#039;Auray" />
<meta property="og:description" content="Une fois par mois, ouvert à tous niveaux, moment de partage et d’échanges à la guitare acoustique. Travail sur les morceaux choisis pour le prochain apéro guitare. Intervenant : Michel TANESY Horaires, tarifs et inscriptions : c&rsquo;est par ici" />
<meta property="og:url" content="http://mal-auray.org/index.php/le-rdv-des-guitaristes/" />
<meta property="og:site_name" content="La MAL d&#039;Auray" />
<meta property="article:publisher" content="https://www.facebook.com/MaisonAnimationLoisirs/" />
<meta property="article:modified_time" content="2024-07-09T19:39:28+00:00" />
<meta name="twitter:card" content="summary_large_image" />
<meta name="twitter:label1" content="Durée de lecture estimée" />
	<meta name="twitter:data1" content="1 minute" />
<script type="application/ld+json" class="yoast-schema-graph">{"@context":"https://schema.org","@graph":[{"@type":"WebPage","@id":"http://mal-auray.org/index.php/le-rdv-des-guitaristes/","url":"http://mal-auray.org/index.php/le-rdv-des-guitaristes/","name":"Le rdv des guitaristes - La MAL d&#039;Auray","isPartOf":{"@id":"http://mal-auray.org/#website"},"datePublished":"2023-05-18T18:34:40+00:00","dateModified":"2024-07-09T19:39:28+00:00","breadcrumb":{"@id":"http://mal-auray.org/index.php/le-rdv-des-guitaristes/#breadcrumb"},"inLanguage":"fr-FR","potentialAction":[{"@type":"ReadAction","target":["http://mal-auray.org/index.php/le-rdv-des-guitaristes/"]}]},{"@type":"BreadcrumbList","@id":"http://mal-auray.org/index.php/le-rdv-des-guitaristes/#breadcrumb","itemListElement":[{"@type":"ListItem","position":1,"name":"Accueil","item":"http://mal-auray.org/"},{"@type":"ListItem","position":2,"name":"Le rdv des guitaristes"}]},{"@type":"WebSite","@id":"http://mal-auray.org/#website","url":"http://mal-auray.org/","name":"La MAL d&#039;Auray","description":"Une association de loisirs pour tous","publisher":{"@id":"http://mal-auray.org/#organization"},"potentialAction":[{"@type":"SearchAction","target":{"@type":"EntryPoint","urlTemplate":"http://mal-auray.org/?s={search_term_string}"},"query-input":"required name=search_term_string"}],"inLanguage":"fr-FR"},{"@type":"Organization","@id":"http://mal-auray.org/#organization","name":"La MAL d&#039;Auray","url":"http://mal-auray.org/","logo":{"@type":"ImageObject","inLanguage":"fr-FR","@id":"http://mal-auray.org/#/schema/logo/image/","url":"http://mal-auray.org/wp-content/uploads/2017/09/logo-MAL.png","contentUrl":"http://mal-auray.org/wp-content/uploads/2017/09/logo-MAL.png","width":198,"height":65,"caption":"La MAL d&#039;Auray"},"image":{"@id":"http://mal-auray.org/#/schema/logo/image/"},"sameAs":["https://www.facebook.com/MaisonAnimationLoisirs/"]}]}</script>
<!-- / Yoast SEO plugin. -->

Une fois par mois, ouvert à tous niveaux, moment de partage et d’échanges à la guitare acoustique. Travail sur les morceaux choisis pour le prochain apéro guitare. Intervenant : Michel TANESY Horaires, tarifs et inscriptions : c&rsquo;est par ici
