{"id":4857,"date":"2023-05-15T21:04:45","date_gmt":"2023-05-15T19:04:45","guid":{"rendered":"http:\/\/mal-auray.org\/?page_id=4857"},"modified":"2024-07-09T21:57:46","modified_gmt":"2024-07-09T19:57:46","slug":"atelier-decriture","status":"publish","type":"page","link":"http:\/\/mal-auray.org\/index.php\/atelier-decriture\/","title":{"rendered":"Atelier d&rsquo;\u00e9criture"},"content":{"rendered":"<p>Pour d\u00e9couvrir ou approfondir le plaisir d\u2019\u00e9crire et partager ce moment dans une atmosph\u00e8re bienveillante et d\u00e9tendue. Sur des propositions d\u2019\u00e9criture vari\u00e9es, cr\u00e9atives et ludiques, vous laisserez libre cours \u00e0 votre imagination pour nourrir un petit recueil collectif publi\u00e9 en fin de cycle.<\/p>\n<p><strong>Intervenant :<\/strong> Jean PERGUET<\/p>\n<blockquote><p><strong>Horaires, tarifs et inscriptions :<\/strong> <a href=\"https:\/\/mal-auray.goasso.org\/activites?q%5Bactivity_schedules_schedule_type_in%5D%5B%5D=0&amp;q%5Bactivity_schedules_schedule_type_in%5D%5B%5D=3&amp;q%5Bactivity_schedules_sub_schedule_type_eq%5D=0\">c&rsquo;est par ici<\/a><\/p><\/blockquote>\n","protected":false},"excerpt":{"rendered":"<p>Pour d\u00e9couvrir ou approfondir le plaisir d\u2019\u00e9crire et partager ce moment dans une atmosph\u00e8re bienveillante et d\u00e9tendue. Sur des propositions d\u2019\u00e9criture vari\u00e9es, cr\u00e9atives et ludiques, vous laisserez libre cours \u00e0 votre imagination pour nourrir un petit recueil collectif publi\u00e9 en fin de cycle. Intervenant : Jean PERGUET Horaires, tarifs et inscriptions : c&rsquo;est par ici<\/p>\n","protected":false},"author":3,"featured_media":0,"parent":0,"menu_order":0,"comment_status":"closed","ping_status":"closed","template":"","meta":[],"yoast_head":"<!-- This site is optimized with the Yoast SEO plugin v20.4 - https:\/\/yoast.com\/wordpress\/plugins\/seo\/ -->\n<title>Atelier d&#039;\u00e9criture - La MAL d&#039;Auray<\/title>\n<meta name=\"robots\" content=\"index, follow, max-snippet:-1, max-image-preview:large, max-video-preview:-1\" \/>\n<link rel=\"canonical\" href=\"https:\/\/mal-auray.org\/index.php\/atelier-decriture\/\" \/>\n<meta property=\"og:locale\" content=\"fr_FR\" \/>\n<meta property=\"og:type\" content=\"article\" \/>\n<meta property=\"og:title\" content=\"Atelier d&#039;\u00e9criture - La MAL d&#039;Auray\" \/>\n<meta property=\"og:description\" content=\"Pour d\u00e9couvrir ou approfondir le plaisir d\u2019\u00e9crire et partager ce moment dans une atmosph\u00e8re bienveillante et d\u00e9tendue. Sur des propositions d\u2019\u00e9criture vari\u00e9es, cr\u00e9atives et ludiques, vous laisserez libre cours \u00e0 votre imagination pour nourrir un petit recueil collectif publi\u00e9 en fin de cycle. Intervenant : Jean PERGUET Horaires, tarifs et inscriptions : c&rsquo;est par ici\" \/>\n<meta property=\"og:url\" content=\"https:\/\/mal-auray.org\/index.php\/atelier-decriture\/\" \/>\n<meta property=\"og:site_name\" content=\"La MAL d&#039;Auray\" \/>\n<meta property=\"article:publisher\" content=\"https:\/\/www.facebook.com\/MaisonAnimationLoisirs\/\" \/>\n<meta property=\"article:modified_time\" content=\"2024-07-09T19:57:46+00:00\" \/>\n<meta name=\"twitter:card\" content=\"summary_large_image\" \/>\n<meta name=\"twitter:label1\" content=\"Dur\u00e9e de lecture estim\u00e9e\" \/>\n\t<meta name=\"twitter:data1\" content=\"1 minute\" \/>\n<script type=\"application\/ld+json\" class=\"yoast-schema-graph\">{\"@context\":\"https:\/\/schema.org\",\"@graph\":[{\"@type\":\"WebPage\",\"@id\":\"https:\/\/mal-auray.org\/index.php\/atelier-decriture\/\",\"url\":\"https:\/\/mal-auray.org\/index.php\/atelier-decriture\/\",\"name\":\"Atelier d'\u00e9criture - La MAL d&#039;Auray\",\"isPartOf\":{\"@id\":\"http:\/\/mal-auray.org\/#website\"},\"datePublished\":\"2023-05-15T19:04:45+00:00\",\"dateModified\":\"2024-07-09T19:57:46+00:00\",\"breadcrumb\":{\"@id\":\"https:\/\/mal-auray.org\/index.php\/atelier-decriture\/#breadcrumb\"},\"inLanguage\":\"fr-FR\",\"potentialAction\":[{\"@type\":\"ReadAction\",\"target\":[\"https:\/\/mal-auray.org\/index.php\/atelier-decriture\/\"]}]},{\"@type\":\"BreadcrumbList\",\"@id\":\"https:\/\/mal-auray.org\/index.php\/atelier-decriture\/#breadcrumb\",\"itemListElement\":[{\"@type\":\"ListItem\",\"position\":1,\"name\":\"Accueil\",\"item\":\"http:\/\/mal-auray.org\/\"},{\"@type\":\"ListItem\",\"position\":2,\"name\":\"Atelier d&rsquo;\u00e9criture\"}]},{\"@type\":\"WebSite\",\"@id\":\"http:\/\/mal-auray.org\/#website\",\"url\":\"http:\/\/mal-auray.org\/\",\"name\":\"La MAL d&#039;Auray\",\"description\":\"Une association de loisirs pour tous\",\"publisher\":{\"@id\":\"http:\/\/mal-auray.org\/#organization\"},\"potentialAction\":[{\"@type\":\"SearchAction\",\"target\":{\"@type\":\"EntryPoint\",\"urlTemplate\":\"http:\/\/mal-auray.org\/?s={search_term_string}\"},\"query-input\":\"required name=search_term_string\"}],\"inLanguage\":\"fr-FR\"},{\"@type\":\"Organization\",\"@id\":\"http:\/\/mal-auray.org\/#organization\",\"name\":\"La MAL d&#039;Auray\",\"url\":\"http:\/\/mal-auray.org\/\",\"logo\":{\"@type\":\"ImageObject\",\"inLanguage\":\"fr-FR\",\"@id\":\"http:\/\/mal-auray.org\/#\/schema\/logo\/image\/\",\"url\":\"http:\/\/mal-auray.org\/wp-content\/uploads\/2017\/09\/logo-MAL.png\",\"contentUrl\":\"http:\/\/mal-auray.org\/wp-content\/uploads\/2017\/09\/logo-MAL.png\",\"width\":198,\"height\":65,\"caption\":\"La MAL d&#039;Auray\"},\"image\":{\"@id\":\"http:\/\/mal-auray.org\/#\/schema\/logo\/image\/\"},\"sameAs\":[\"https:\/\/www.facebook.com\/MaisonAnimationLoisirs\/\"]}]}<\/script>\n<!-- \/ Yoast SEO plugin. -->","yoast_head_json":{"title":"Atelier d'\u00e9criture - La MAL d&#039;Auray","robots":{"index":"index","follow":"follow","max-snippet":"max-snippet:-1","max-image-preview":"max-image-preview:large","max-video-preview":"max-video-preview:-1"},"canonical":"https:\/\/mal-auray.org\/index.php\/atelier-decriture\/","og_locale":"fr_FR","og_type":"article","og_title":"Atelier d'\u00e9criture - La MAL d&#039;Auray","og_description":"Pour d\u00e9couvrir ou approfondir le plaisir d\u2019\u00e9crire et partager ce moment dans une atmosph\u00e8re bienveillante et d\u00e9tendue. Sur des propositions d\u2019\u00e9criture vari\u00e9es, cr\u00e9atives et ludiques, vous laisserez libre cours \u00e0 votre imagination pour nourrir un petit recueil collectif publi\u00e9 en fin de cycle. Intervenant : Jean PERGUET Horaires, tarifs et inscriptions : c&rsquo;est par ici","og_url":"https:\/\/mal-auray.org\/index.php\/atelier-decriture\/","og_site_name":"La MAL d&#039;Auray","article_publisher":"https:\/\/www.facebook.com\/MaisonAnimationLoisirs\/","article_modified_time":"2024-07-09T19:57:46+00:00","twitter_card":"summary_large_image","twitter_misc":{"Dur\u00e9e de lecture estim\u00e9e":"1 minute"},"schema":{"@context":"https:\/\/schema.org","@graph":[{"@type":"WebPage","@id":"https:\/\/mal-auray.org\/index.php\/atelier-decriture\/","url":"https:\/\/mal-auray.org\/index.php\/atelier-decriture\/","name":"Atelier d'\u00e9criture - La MAL d&#039;Auray","isPartOf":{"@id":"http:\/\/mal-auray.org\/#website"},"datePublished":"2023-05-15T19:04:45+00:00","dateModified":"2024-07-09T19:57:46+00:00","breadcrumb":{"@id":"https:\/\/mal-auray.org\/index.php\/atelier-decriture\/#breadcrumb"},"inLanguage":"fr-FR","potentialAction":[{"@type":"ReadAction","target":["https:\/\/mal-auray.org\/index.php\/atelier-decriture\/"]}]},{"@type":"BreadcrumbList","@id":"https:\/\/mal-auray.org\/index.php\/atelier-decriture\/#breadcrumb","itemListElement":[{"@type":"ListItem","position":1,"name":"Accueil","item":"http:\/\/mal-auray.org\/"},{"@type":"ListItem","position":2,"name":"Atelier d&rsquo;\u00e9criture"}]},{"@type":"WebSite","@id":"http:\/\/mal-auray.org\/#website","url":"http:\/\/mal-auray.org\/","name":"La MAL d&#039;Auray","description":"Une association de loisirs pour tous","publisher":{"@id":"http:\/\/mal-auray.org\/#organization"},"potentialAction":[{"@type":"SearchAction","target":{"@type":"EntryPoint","urlTemplate":"http:\/\/mal-auray.org\/?s={search_term_string}"},"query-input":"required name=search_term_string"}],"inLanguage":"fr-FR"},{"@type":"Organization","@id":"http:\/\/mal-auray.org\/#organization","name":"La MAL d&#039;Auray","url":"http:\/\/mal-auray.org\/","logo":{"@type":"ImageObject","inLanguage":"fr-FR","@id":"http:\/\/mal-auray.org\/#\/schema\/logo\/image\/","url":"http:\/\/mal-auray.org\/wp-content\/uploads\/2017\/09\/logo-MAL.png","contentUrl":"http:\/\/mal-auray.org\/wp-content\/uploads\/2017\/09\/logo-MAL.png","width":198,"height":65,"caption":"La MAL d&#039;Auray"},"image":{"@id":"http:\/\/mal-auray.org\/#\/schema\/logo\/image\/"},"sameAs":["https:\/\/www.facebook.com\/MaisonAnimationLoisirs\/"]}]}},"_links":{"self":[{"href":"http:\/\/mal-auray.org\/index.php\/wp-json\/wp\/v2\/pages\/4857"}],"collection":[{"href":"http:\/\/mal-auray.org\/index.php\/wp-json\/wp\/v2\/pages"}],"about":[{"href":"http:\/\/mal-auray.org\/index.php\/wp-json\/wp\/v2\/types\/page"}],"author":[{"embeddable":true,"href":"http:\/\/mal-auray.org\/index.php\/wp-json\/wp\/v2\/users\/3"}],"replies":[{"embeddable":true,"href":"http:\/\/mal-auray.org\/index.php\/wp-json\/wp\/v2\/comments?post=4857"}],"version-history":[{"count":6,"href":"http:\/\/mal-auray.org\/index.php\/wp-json\/wp\/v2\/pages\/4857\/revisions"}],"predecessor-version":[{"id":5998,"href":"http:\/\/mal-auray.org\/index.php\/wp-json\/wp\/v2\/pages\/4857\/revisions\/5998"}],"wp:attachment":[{"href":"http:\/\/mal-auray.org\/index.php\/wp-json\/wp\/v2\/media?parent=4857"}],"curies":[{"name":"wp","href":"https:\/\/api.w.org\/{rel}","templated":true}]}}