{"id":4836,"date":"2023-05-15T14:50:15","date_gmt":"2023-05-15T12:50:15","guid":{"rendered":"http:\/\/mal-auray.org\/?page_id=4836"},"modified":"2024-07-09T21:47:05","modified_gmt":"2024-07-09T19:47:05","slug":"gym-de-gasquet","status":"publish","type":"page","link":"http:\/\/mal-auray.org\/index.php\/activite-sportive-en-salle\/gym-de-gasquet\/","title":{"rendered":"Gym De Gasquet\u00ae"},"content":{"rendered":"<p>La gym m\u00e9thode De Gasquet est douce et adapt\u00e9e \u00e0 tout adulte. Renforce la sangle abdominale, le p\u00e9rin\u00e9e, am\u00e9liore la posture et<br \/>\nla respiration, pr\u00e9vient les douleurs dorsales et abdominales. Des exercices simples, progressifs et adaptables selon les besoins de chacun.<\/p>\n<p><strong>Intervenante :<\/strong> Nasrine MINOUI<\/p>\n<blockquote><p><strong>Horaires, tarifs et inscriptions :<\/strong> <a href=\"https:\/\/mal-auray.goasso.org\/activites?q%5Bactivity_schedules_schedule_type_in%5D%5B%5D=0&amp;q%5Bactivity_schedules_schedule_type_in%5D%5B%5D=3&amp;q%5Bactivity_schedules_sub_schedule_type_eq%5D=0\">c&rsquo;est par ici<\/a><\/p><\/blockquote>\n","protected":false},"excerpt":{"rendered":"<p>La gym m\u00e9thode De Gasquet est douce et adapt\u00e9e \u00e0 tout adulte. Renforce la sangle abdominale, le p\u00e9rin\u00e9e, am\u00e9liore la posture et la respiration, pr\u00e9vient les douleurs dorsales et abdominales. Des exercices simples, progressifs et adaptables selon les besoins de chacun. Intervenante : Nasrine MINOUI Horaires, tarifs et inscriptions : c&rsquo;est par ici<\/p>\n","protected":false},"author":3,"featured_media":0,"parent":1698,"menu_order":2,"comment_status":"closed","ping_status":"closed","template":"","meta":[],"yoast_head":"<!-- This site is optimized with the Yoast SEO plugin v20.4 - https:\/\/yoast.com\/wordpress\/plugins\/seo\/ -->\n<title>Gym De Gasquet\u00ae - La MAL d&#039;Auray<\/title>\n<meta name=\"robots\" content=\"index, follow, max-snippet:-1, max-image-preview:large, max-video-preview:-1\" \/>\n<link rel=\"canonical\" href=\"http:\/\/mal-auray.org\/index.php\/activite-sportive-en-salle\/gym-de-gasquet\/\" \/>\n<meta property=\"og:locale\" content=\"fr_FR\" \/>\n<meta property=\"og:type\" content=\"article\" \/>\n<meta property=\"og:title\" content=\"Gym De Gasquet\u00ae - La MAL d&#039;Auray\" \/>\n<meta property=\"og:description\" content=\"La gym m\u00e9thode De Gasquet est douce et adapt\u00e9e \u00e0 tout adulte. Renforce la sangle abdominale, le p\u00e9rin\u00e9e, am\u00e9liore la posture et la respiration, pr\u00e9vient les douleurs dorsales et abdominales. Des exercices simples, progressifs et adaptables selon les besoins de chacun. Intervenante : Nasrine MINOUI Horaires, tarifs et inscriptions : c&rsquo;est par ici\" \/>\n<meta property=\"og:url\" content=\"http:\/\/mal-auray.org\/index.php\/activite-sportive-en-salle\/gym-de-gasquet\/\" \/>\n<meta property=\"og:site_name\" content=\"La MAL d&#039;Auray\" \/>\n<meta property=\"article:publisher\" content=\"https:\/\/www.facebook.com\/MaisonAnimationLoisirs\/\" \/>\n<meta property=\"article:modified_time\" content=\"2024-07-09T19:47:05+00:00\" \/>\n<meta name=\"twitter:card\" content=\"summary_large_image\" \/>\n<meta name=\"twitter:label1\" content=\"Dur\u00e9e de lecture estim\u00e9e\" \/>\n\t<meta name=\"twitter:data1\" content=\"1 minute\" \/>\n<script type=\"application\/ld+json\" class=\"yoast-schema-graph\">{\"@context\":\"https:\/\/schema.org\",\"@graph\":[{\"@type\":\"WebPage\",\"@id\":\"http:\/\/mal-auray.org\/index.php\/activite-sportive-en-salle\/gym-de-gasquet\/\",\"url\":\"http:\/\/mal-auray.org\/index.php\/activite-sportive-en-salle\/gym-de-gasquet\/\",\"name\":\"Gym De Gasquet\u00ae - La MAL d&#039;Auray\",\"isPartOf\":{\"@id\":\"http:\/\/mal-auray.org\/#website\"},\"datePublished\":\"2023-05-15T12:50:15+00:00\",\"dateModified\":\"2024-07-09T19:47:05+00:00\",\"breadcrumb\":{\"@id\":\"http:\/\/mal-auray.org\/index.php\/activite-sportive-en-salle\/gym-de-gasquet\/#breadcrumb\"},\"inLanguage\":\"fr-FR\",\"potentialAction\":[{\"@type\":\"ReadAction\",\"target\":[\"http:\/\/mal-auray.org\/index.php\/activite-sportive-en-salle\/gym-de-gasquet\/\"]}]},{\"@type\":\"BreadcrumbList\",\"@id\":\"http:\/\/mal-auray.org\/index.php\/activite-sportive-en-salle\/gym-de-gasquet\/#breadcrumb\",\"itemListElement\":[{\"@type\":\"ListItem\",\"position\":1,\"name\":\"Accueil\",\"item\":\"http:\/\/mal-auray.org\/\"},{\"@type\":\"ListItem\",\"position\":2,\"name\":\"Activit\u00e9 sportive en salle\",\"item\":\"http:\/\/mal-auray.org\/index.php\/activite-sportive-en-salle\/\"},{\"@type\":\"ListItem\",\"position\":3,\"name\":\"Gym De Gasquet\u00ae\"}]},{\"@type\":\"WebSite\",\"@id\":\"http:\/\/mal-auray.org\/#website\",\"url\":\"http:\/\/mal-auray.org\/\",\"name\":\"La MAL d&#039;Auray\",\"description\":\"Une association de loisirs pour tous\",\"publisher\":{\"@id\":\"http:\/\/mal-auray.org\/#organization\"},\"potentialAction\":[{\"@type\":\"SearchAction\",\"target\":{\"@type\":\"EntryPoint\",\"urlTemplate\":\"http:\/\/mal-auray.org\/?s={search_term_string}\"},\"query-input\":\"required name=search_term_string\"}],\"inLanguage\":\"fr-FR\"},{\"@type\":\"Organization\",\"@id\":\"http:\/\/mal-auray.org\/#organization\",\"name\":\"La MAL d&#039;Auray\",\"url\":\"http:\/\/mal-auray.org\/\",\"logo\":{\"@type\":\"ImageObject\",\"inLanguage\":\"fr-FR\",\"@id\":\"http:\/\/mal-auray.org\/#\/schema\/logo\/image\/\",\"url\":\"http:\/\/mal-auray.org\/wp-content\/uploads\/2017\/09\/logo-MAL.png\",\"contentUrl\":\"http:\/\/mal-auray.org\/wp-content\/uploads\/2017\/09\/logo-MAL.png\",\"width\":198,\"height\":65,\"caption\":\"La MAL d&#039;Auray\"},\"image\":{\"@id\":\"http:\/\/mal-auray.org\/#\/schema\/logo\/image\/\"},\"sameAs\":[\"https:\/\/www.facebook.com\/MaisonAnimationLoisirs\/\"]}]}<\/script>\n<!-- \/ Yoast SEO plugin. -->","yoast_head_json":{"title":"Gym De Gasquet\u00ae - La MAL d&#039;Auray","robots":{"index":"index","follow":"follow","max-snippet":"max-snippet:-1","max-image-preview":"max-image-preview:large","max-video-preview":"max-video-preview:-1"},"canonical":"http:\/\/mal-auray.org\/index.php\/activite-sportive-en-salle\/gym-de-gasquet\/","og_locale":"fr_FR","og_type":"article","og_title":"Gym De Gasquet\u00ae - La MAL d&#039;Auray","og_description":"La gym m\u00e9thode De Gasquet est douce et adapt\u00e9e \u00e0 tout adulte. Renforce la sangle abdominale, le p\u00e9rin\u00e9e, am\u00e9liore la posture et la respiration, pr\u00e9vient les douleurs dorsales et abdominales. Des exercices simples, progressifs et adaptables selon les besoins de chacun. Intervenante : Nasrine MINOUI Horaires, tarifs et inscriptions : c&rsquo;est par ici","og_url":"http:\/\/mal-auray.org\/index.php\/activite-sportive-en-salle\/gym-de-gasquet\/","og_site_name":"La MAL d&#039;Auray","article_publisher":"https:\/\/www.facebook.com\/MaisonAnimationLoisirs\/","article_modified_time":"2024-07-09T19:47:05+00:00","twitter_card":"summary_large_image","twitter_misc":{"Dur\u00e9e de lecture estim\u00e9e":"1 minute"},"schema":{"@context":"https:\/\/schema.org","@graph":[{"@type":"WebPage","@id":"http:\/\/mal-auray.org\/index.php\/activite-sportive-en-salle\/gym-de-gasquet\/","url":"http:\/\/mal-auray.org\/index.php\/activite-sportive-en-salle\/gym-de-gasquet\/","name":"Gym De Gasquet\u00ae - La MAL d&#039;Auray","isPartOf":{"@id":"http:\/\/mal-auray.org\/#website"},"datePublished":"2023-05-15T12:50:15+00:00","dateModified":"2024-07-09T19:47:05+00:00","breadcrumb":{"@id":"http:\/\/mal-auray.org\/index.php\/activite-sportive-en-salle\/gym-de-gasquet\/#breadcrumb"},"inLanguage":"fr-FR","potentialAction":[{"@type":"ReadAction","target":["http:\/\/mal-auray.org\/index.php\/activite-sportive-en-salle\/gym-de-gasquet\/"]}]},{"@type":"BreadcrumbList","@id":"http:\/\/mal-auray.org\/index.php\/activite-sportive-en-salle\/gym-de-gasquet\/#breadcrumb","itemListElement":[{"@type":"ListItem","position":1,"name":"Accueil","item":"http:\/\/mal-auray.org\/"},{"@type":"ListItem","position":2,"name":"Activit\u00e9 sportive en salle","item":"http:\/\/mal-auray.org\/index.php\/activite-sportive-en-salle\/"},{"@type":"ListItem","position":3,"name":"Gym De Gasquet\u00ae"}]},{"@type":"WebSite","@id":"http:\/\/mal-auray.org\/#website","url":"http:\/\/mal-auray.org\/","name":"La MAL d&#039;Auray","description":"Une association de loisirs pour tous","publisher":{"@id":"http:\/\/mal-auray.org\/#organization"},"potentialAction":[{"@type":"SearchAction","target":{"@type":"EntryPoint","urlTemplate":"http:\/\/mal-auray.org\/?s={search_term_string}"},"query-input":"required name=search_term_string"}],"inLanguage":"fr-FR"},{"@type":"Organization","@id":"http:\/\/mal-auray.org\/#organization","name":"La MAL d&#039;Auray","url":"http:\/\/mal-auray.org\/","logo":{"@type":"ImageObject","inLanguage":"fr-FR","@id":"http:\/\/mal-auray.org\/#\/schema\/logo\/image\/","url":"http:\/\/mal-auray.org\/wp-content\/uploads\/2017\/09\/logo-MAL.png","contentUrl":"http:\/\/mal-auray.org\/wp-content\/uploads\/2017\/09\/logo-MAL.png","width":198,"height":65,"caption":"La MAL d&#039;Auray"},"image":{"@id":"http:\/\/mal-auray.org\/#\/schema\/logo\/image\/"},"sameAs":["https:\/\/www.facebook.com\/MaisonAnimationLoisirs\/"]}]}},"_links":{"self":[{"href":"http:\/\/mal-auray.org\/index.php\/wp-json\/wp\/v2\/pages\/4836"}],"collection":[{"href":"http:\/\/mal-auray.org\/index.php\/wp-json\/wp\/v2\/pages"}],"about":[{"href":"http:\/\/mal-auray.org\/index.php\/wp-json\/wp\/v2\/types\/page"}],"author":[{"embeddable":true,"href":"http:\/\/mal-auray.org\/index.php\/wp-json\/wp\/v2\/users\/3"}],"replies":[{"embeddable":true,"href":"http:\/\/mal-auray.org\/index.php\/wp-json\/wp\/v2\/comments?post=4836"}],"version-history":[{"count":7,"href":"http:\/\/mal-auray.org\/index.php\/wp-json\/wp\/v2\/pages\/4836\/revisions"}],"predecessor-version":[{"id":5976,"href":"http:\/\/mal-auray.org\/index.php\/wp-json\/wp\/v2\/pages\/4836\/revisions\/5976"}],"up":[{"embeddable":true,"href":"http:\/\/mal-auray.org\/index.php\/wp-json\/wp\/v2\/pages\/1698"}],"wp:attachment":[{"href":"http:\/\/mal-auray.org\/index.php\/wp-json\/wp\/v2\/media?parent=4836"}],"curies":[{"name":"wp","href":"https:\/\/api.w.org\/{rel}","templated":true}]}}