{"id":1739,"date":"2017-09-07T12:16:52","date_gmt":"2017-09-07T10:16:52","guid":{"rendered":"http:\/\/mal-auray.org\/?page_id=1739"},"modified":"2024-05-30T22:05:49","modified_gmt":"2024-05-30T20:05:49","slug":"balade","status":"publish","type":"page","link":"http:\/\/mal-auray.org\/index.php\/balade\/","title":{"rendered":"Balade"},"content":{"rendered":"<p><strong>2 balades par mois : 1 en semaine, 1 le week-end.<\/strong><br \/>\n<strong>Balade \u00e0 la demi-journ\u00e9e (parcours de 6 \u00e0 8 km), d\u00e9couverte patrimoniale et culturelle.<\/strong><\/p>\n<p>Gratuit (seule l\u2019adh\u00e9sion \u00e0 l\u2019association est obligatoire). D\u00e9but de l\u2019activit\u00e9 en octobre. Les balades sont pr\u00e9par\u00e9es \u00e0 tour de r\u00f4le par les participants. Une r\u00e9union de programmation aura lieu en septembre avec tous les participants (date \u00e0 venir\u2026). Le nombre de places est limit\u00e9 pour chaque balade. Pr\u00e9voir une petite participation en esp\u00e8ces pour chaque covoiturage.<\/p>\n<blockquote><p><b>Contact : contact@mal-auray.org<\/b><\/p><\/blockquote>\n","protected":false},"excerpt":{"rendered":"<p>2 balades par mois : 1 en semaine, 1 le week-end. Balade \u00e0 la demi-journ\u00e9e (parcours de 6 \u00e0 8 km), d\u00e9couverte patrimoniale et culturelle. Gratuit (seule l\u2019adh\u00e9sion \u00e0 l\u2019association est obligatoire). D\u00e9but de l\u2019activit\u00e9 en octobre. Les balades sont pr\u00e9par\u00e9es \u00e0 tour de r\u00f4le par les participants. Une r\u00e9union de programmation aura lieu en&hellip;<\/p>\n","protected":false},"author":1,"featured_media":0,"parent":0,"menu_order":0,"comment_status":"closed","ping_status":"closed","template":"","meta":[],"yoast_head":"<!-- This site is optimized with the Yoast SEO plugin v20.4 - https:\/\/yoast.com\/wordpress\/plugins\/seo\/ -->\n<title>Balade - La MAL d&#039;Auray<\/title>\n<meta name=\"description\" content=\"La MAL organise des balades pour d\u00e9couvrir ensemble les environs, sur des parcours de 6 \u00e0 8 km, \u00e0 Auray, dans le Morbihan\" \/>\n<meta name=\"robots\" content=\"index, follow, max-snippet:-1, max-image-preview:large, max-video-preview:-1\" \/>\n<link rel=\"canonical\" href=\"http:\/\/mal-auray.org\/index.php\/balade\/\" \/>\n<meta property=\"og:locale\" content=\"fr_FR\" \/>\n<meta property=\"og:type\" content=\"article\" \/>\n<meta property=\"og:title\" content=\"Balade - La MAL d&#039;Auray\" \/>\n<meta property=\"og:description\" content=\"La MAL organise des balades pour d\u00e9couvrir ensemble les environs, sur des parcours de 6 \u00e0 8 km, \u00e0 Auray, dans le Morbihan\" \/>\n<meta property=\"og:url\" content=\"http:\/\/mal-auray.org\/index.php\/balade\/\" \/>\n<meta property=\"og:site_name\" content=\"La MAL d&#039;Auray\" \/>\n<meta property=\"article:publisher\" content=\"https:\/\/www.facebook.com\/MaisonAnimationLoisirs\/\" \/>\n<meta property=\"article:modified_time\" content=\"2024-05-30T20:05:49+00:00\" \/>\n<meta name=\"twitter:card\" content=\"summary_large_image\" \/>\n<meta name=\"twitter:label1\" content=\"Dur\u00e9e de lecture estim\u00e9e\" \/>\n\t<meta name=\"twitter:data1\" content=\"1 minute\" \/>\n<script type=\"application\/ld+json\" class=\"yoast-schema-graph\">{\"@context\":\"https:\/\/schema.org\",\"@graph\":[{\"@type\":\"WebPage\",\"@id\":\"http:\/\/mal-auray.org\/index.php\/balade\/\",\"url\":\"http:\/\/mal-auray.org\/index.php\/balade\/\",\"name\":\"Balade - La MAL d&#039;Auray\",\"isPartOf\":{\"@id\":\"http:\/\/mal-auray.org\/#website\"},\"datePublished\":\"2017-09-07T10:16:52+00:00\",\"dateModified\":\"2024-05-30T20:05:49+00:00\",\"description\":\"La MAL organise des balades pour d\u00e9couvrir ensemble les environs, sur des parcours de 6 \u00e0 8 km, \u00e0 Auray, dans le Morbihan\",\"breadcrumb\":{\"@id\":\"http:\/\/mal-auray.org\/index.php\/balade\/#breadcrumb\"},\"inLanguage\":\"fr-FR\",\"potentialAction\":[{\"@type\":\"ReadAction\",\"target\":[\"http:\/\/mal-auray.org\/index.php\/balade\/\"]}]},{\"@type\":\"BreadcrumbList\",\"@id\":\"http:\/\/mal-auray.org\/index.php\/balade\/#breadcrumb\",\"itemListElement\":[{\"@type\":\"ListItem\",\"position\":1,\"name\":\"Accueil\",\"item\":\"http:\/\/mal-auray.org\/\"},{\"@type\":\"ListItem\",\"position\":2,\"name\":\"Balade\"}]},{\"@type\":\"WebSite\",\"@id\":\"http:\/\/mal-auray.org\/#website\",\"url\":\"http:\/\/mal-auray.org\/\",\"name\":\"La MAL d&#039;Auray\",\"description\":\"Une association de loisirs pour tous\",\"publisher\":{\"@id\":\"http:\/\/mal-auray.org\/#organization\"},\"potentialAction\":[{\"@type\":\"SearchAction\",\"target\":{\"@type\":\"EntryPoint\",\"urlTemplate\":\"http:\/\/mal-auray.org\/?s={search_term_string}\"},\"query-input\":\"required name=search_term_string\"}],\"inLanguage\":\"fr-FR\"},{\"@type\":\"Organization\",\"@id\":\"http:\/\/mal-auray.org\/#organization\",\"name\":\"La MAL d&#039;Auray\",\"url\":\"http:\/\/mal-auray.org\/\",\"logo\":{\"@type\":\"ImageObject\",\"inLanguage\":\"fr-FR\",\"@id\":\"http:\/\/mal-auray.org\/#\/schema\/logo\/image\/\",\"url\":\"http:\/\/mal-auray.org\/wp-content\/uploads\/2017\/09\/logo-MAL.png\",\"contentUrl\":\"http:\/\/mal-auray.org\/wp-content\/uploads\/2017\/09\/logo-MAL.png\",\"width\":198,\"height\":65,\"caption\":\"La MAL d&#039;Auray\"},\"image\":{\"@id\":\"http:\/\/mal-auray.org\/#\/schema\/logo\/image\/\"},\"sameAs\":[\"https:\/\/www.facebook.com\/MaisonAnimationLoisirs\/\"]}]}<\/script>\n<!-- \/ Yoast SEO plugin. -->","yoast_head_json":{"title":"Balade - La MAL d&#039;Auray","description":"La MAL organise des balades pour d\u00e9couvrir ensemble les environs, sur des parcours de 6 \u00e0 8 km, \u00e0 Auray, dans le Morbihan","robots":{"index":"index","follow":"follow","max-snippet":"max-snippet:-1","max-image-preview":"max-image-preview:large","max-video-preview":"max-video-preview:-1"},"canonical":"http:\/\/mal-auray.org\/index.php\/balade\/","og_locale":"fr_FR","og_type":"article","og_title":"Balade - La MAL d&#039;Auray","og_description":"La MAL organise des balades pour d\u00e9couvrir ensemble les environs, sur des parcours de 6 \u00e0 8 km, \u00e0 Auray, dans le Morbihan","og_url":"http:\/\/mal-auray.org\/index.php\/balade\/","og_site_name":"La MAL d&#039;Auray","article_publisher":"https:\/\/www.facebook.com\/MaisonAnimationLoisirs\/","article_modified_time":"2024-05-30T20:05:49+00:00","twitter_card":"summary_large_image","twitter_misc":{"Dur\u00e9e de lecture estim\u00e9e":"1 minute"},"schema":{"@context":"https:\/\/schema.org","@graph":[{"@type":"WebPage","@id":"http:\/\/mal-auray.org\/index.php\/balade\/","url":"http:\/\/mal-auray.org\/index.php\/balade\/","name":"Balade - La MAL d&#039;Auray","isPartOf":{"@id":"http:\/\/mal-auray.org\/#website"},"datePublished":"2017-09-07T10:16:52+00:00","dateModified":"2024-05-30T20:05:49+00:00","description":"La MAL organise des balades pour d\u00e9couvrir ensemble les environs, sur des parcours de 6 \u00e0 8 km, \u00e0 Auray, dans le Morbihan","breadcrumb":{"@id":"http:\/\/mal-auray.org\/index.php\/balade\/#breadcrumb"},"inLanguage":"fr-FR","potentialAction":[{"@type":"ReadAction","target":["http:\/\/mal-auray.org\/index.php\/balade\/"]}]},{"@type":"BreadcrumbList","@id":"http:\/\/mal-auray.org\/index.php\/balade\/#breadcrumb","itemListElement":[{"@type":"ListItem","position":1,"name":"Accueil","item":"http:\/\/mal-auray.org\/"},{"@type":"ListItem","position":2,"name":"Balade"}]},{"@type":"WebSite","@id":"http:\/\/mal-auray.org\/#website","url":"http:\/\/mal-auray.org\/","name":"La MAL d&#039;Auray","description":"Une association de loisirs pour tous","publisher":{"@id":"http:\/\/mal-auray.org\/#organization"},"potentialAction":[{"@type":"SearchAction","target":{"@type":"EntryPoint","urlTemplate":"http:\/\/mal-auray.org\/?s={search_term_string}"},"query-input":"required name=search_term_string"}],"inLanguage":"fr-FR"},{"@type":"Organization","@id":"http:\/\/mal-auray.org\/#organization","name":"La MAL d&#039;Auray","url":"http:\/\/mal-auray.org\/","logo":{"@type":"ImageObject","inLanguage":"fr-FR","@id":"http:\/\/mal-auray.org\/#\/schema\/logo\/image\/","url":"http:\/\/mal-auray.org\/wp-content\/uploads\/2017\/09\/logo-MAL.png","contentUrl":"http:\/\/mal-auray.org\/wp-content\/uploads\/2017\/09\/logo-MAL.png","width":198,"height":65,"caption":"La MAL d&#039;Auray"},"image":{"@id":"http:\/\/mal-auray.org\/#\/schema\/logo\/image\/"},"sameAs":["https:\/\/www.facebook.com\/MaisonAnimationLoisirs\/"]}]}},"_links":{"self":[{"href":"http:\/\/mal-auray.org\/index.php\/wp-json\/wp\/v2\/pages\/1739"}],"collection":[{"href":"http:\/\/mal-auray.org\/index.php\/wp-json\/wp\/v2\/pages"}],"about":[{"href":"http:\/\/mal-auray.org\/index.php\/wp-json\/wp\/v2\/types\/page"}],"author":[{"embeddable":true,"href":"http:\/\/mal-auray.org\/index.php\/wp-json\/wp\/v2\/users\/1"}],"replies":[{"embeddable":true,"href":"http:\/\/mal-auray.org\/index.php\/wp-json\/wp\/v2\/comments?post=1739"}],"version-history":[{"count":13,"href":"http:\/\/mal-auray.org\/index.php\/wp-json\/wp\/v2\/pages\/1739\/revisions"}],"predecessor-version":[{"id":5819,"href":"http:\/\/mal-auray.org\/index.php\/wp-json\/wp\/v2\/pages\/1739\/revisions\/5819"}],"wp:attachment":[{"href":"http:\/\/mal-auray.org\/index.php\/wp-json\/wp\/v2\/media?parent=1739"}],"curies":[{"name":"wp","href":"https:\/\/api.w.org\/{rel}","templated":true}]}}

<p><strong>2 balades par mois : 1 en semaine, 1 le week-end.</strong><br />
<strong>Balade à la demi-journée (parcours de 6 à 8 km), découverte patrimoniale et culturelle.</strong></p>
<p>Gratuit (seule l’adhésion à l’association est obligatoire). Début de l’activité en octobre. Les balades sont préparées à tour de rôle par les participants. Une réunion de programmation aura lieu en septembre avec tous les participants (date à venir…). Le nombre de places est limité pour chaque balade. Prévoir une petite participation en espèces pour chaque covoiturage.</p>
<blockquote><p><b>Contact : contact@mal-auray.org</b></p></blockquote>

<p>2 balades par mois : 1 en semaine, 1 le week-end. Balade à la demi-journée (parcours de 6 à 8 km), découverte patrimoniale et culturelle. Gratuit (seule l’adhésion à l’association est obligatoire). Début de l’activité en octobre. Les balades sont préparées à tour de rôle par les participants. Une réunion de programmation aura lieu en&hellip;</p>

<!-- This site is optimized with the Yoast SEO plugin v20.4 - https://yoast.com/wordpress/plugins/seo/ -->
<title>Balade - La MAL d&#039;Auray</title>
<meta name="description" content="La MAL organise des balades pour découvrir ensemble les environs, sur des parcours de 6 à 8 km, à Auray, dans le Morbihan" />
<meta name="robots" content="index, follow, max-snippet:-1, max-image-preview:large, max-video-preview:-1" />
<link rel="canonical" href="http://mal-auray.org/index.php/balade/" />
<meta property="og:locale" content="fr_FR" />
<meta property="og:type" content="article" />
<meta property="og:title" content="Balade - La MAL d&#039;Auray" />
<meta property="og:description" content="La MAL organise des balades pour découvrir ensemble les environs, sur des parcours de 6 à 8 km, à Auray, dans le Morbihan" />
<meta property="og:url" content="http://mal-auray.org/index.php/balade/" />
<meta property="og:site_name" content="La MAL d&#039;Auray" />
<meta property="article:publisher" content="https://www.facebook.com/MaisonAnimationLoisirs/" />
<meta property="article:modified_time" content="2024-05-30T20:05:49+00:00" />
<meta name="twitter:card" content="summary_large_image" />
<meta name="twitter:label1" content="Durée de lecture estimée" />
	<meta name="twitter:data1" content="1 minute" />
<script type="application/ld+json" class="yoast-schema-graph">{"@context":"https://schema.org","@graph":[{"@type":"WebPage","@id":"http://mal-auray.org/index.php/balade/","url":"http://mal-auray.org/index.php/balade/","name":"Balade - La MAL d&#039;Auray","isPartOf":{"@id":"http://mal-auray.org/#website"},"datePublished":"2017-09-07T10:16:52+00:00","dateModified":"2024-05-30T20:05:49+00:00","description":"La MAL organise des balades pour découvrir ensemble les environs, sur des parcours de 6 à 8 km, à Auray, dans le Morbihan","breadcrumb":{"@id":"http://mal-auray.org/index.php/balade/#breadcrumb"},"inLanguage":"fr-FR","potentialAction":[{"@type":"ReadAction","target":["http://mal-auray.org/index.php/balade/"]}]},{"@type":"BreadcrumbList","@id":"http://mal-auray.org/index.php/balade/#breadcrumb","itemListElement":[{"@type":"ListItem","position":1,"name":"Accueil","item":"http://mal-auray.org/"},{"@type":"ListItem","position":2,"name":"Balade"}]},{"@type":"WebSite","@id":"http://mal-auray.org/#website","url":"http://mal-auray.org/","name":"La MAL d&#039;Auray","description":"Une association de loisirs pour tous","publisher":{"@id":"http://mal-auray.org/#organization"},"potentialAction":[{"@type":"SearchAction","target":{"@type":"EntryPoint","urlTemplate":"http://mal-auray.org/?s={search_term_string}"},"query-input":"required name=search_term_string"}],"inLanguage":"fr-FR"},{"@type":"Organization","@id":"http://mal-auray.org/#organization","name":"La MAL d&#039;Auray","url":"http://mal-auray.org/","logo":{"@type":"ImageObject","inLanguage":"fr-FR","@id":"http://mal-auray.org/#/schema/logo/image/","url":"http://mal-auray.org/wp-content/uploads/2017/09/logo-MAL.png","contentUrl":"http://mal-auray.org/wp-content/uploads/2017/09/logo-MAL.png","width":198,"height":65,"caption":"La MAL d&#039;Auray"},"image":{"@id":"http://mal-auray.org/#/schema/logo/image/"},"sameAs":["https://www.facebook.com/MaisonAnimationLoisirs/"]}]}</script>
<!-- / Yoast SEO plugin. -->

La MAL organise des balades pour découvrir ensemble les environs, sur des parcours de 6 à 8 km, à Auray, dans le Morbihan
