{"id":1664,"date":"2017-09-07T10:54:51","date_gmt":"2017-09-07T08:54:51","guid":{"rendered":"http:\/\/mal-auray.org\/?page_id=1664"},"modified":"2024-03-21T11:28:52","modified_gmt":"2024-03-21T10:28:52","slug":"gym-senior","status":"publish","type":"page","link":"http:\/\/mal-auray.org\/index.php\/gym-senior\/","title":{"rendered":"Gym senior"},"content":{"rendered":"<p>[vc_row][vc_column width=\u00a0\u00bb1\/4&Prime;][vc_single_image image=\u00a0\u00bb3268&Prime; img_size=\u00a0\u00bbmedium\u00a0\u00bb style=\u00a0\u00bbvc_box_circle_2&Prime;][\/vc_column][vc_column width=\u00a0\u00bb3\/4&Prime; css=\u00a0\u00bb.vc_custom_1508766391958{margin-left: 10px !important;}\u00a0\u00bb][vc_column_text css=\u00a0\u00bb.vc_custom_1711016928454{padding-left: 0px !important;}\u00a0\u00bb]<\/p>\n<p class=\"p1\">Les cours de <a href=\"http:\/\/mal-auray.org\/index.php\/gym-dentretien\/\">gym d\u2019entretien<\/a> ne vous conviennent plus ?<\/p>\n<p class=\"p1\">Bougez en douceur pour entretenir votre tonus musculaire gr\u00e2ce \u00e0 des exercices sp\u00e9cialement con\u00e7us pour \u00eatre utiles dans la vie quotidienne.<\/p>\n<p class=\"p1\">Renforcez vos muscles tout en prenant en compte d&rsquo;\u00e9ventuelles pathologies, en am\u00e9liorant votre m\u00e9moire, votre \u00e9quilibre et votre mobilit\u00e9.<\/p>\n<p>S\u00e9ance du lundi : gym senior adapt\u00e9e.<\/p>\n<p>S\u00e9ance du jeudi : gym senior.<\/p>\n<p>&nbsp;<\/p>\n<p><a href=\"https:\/\/mal-auray.goasso.org\/activites?q%5Bfull_text%5D=gym+senior&amp;q%5Bactivity_category_id_eq%5D=7&amp;q%5Bactivity_schedules_schedule_type_eq%5D=0&amp;q%5Bavailable_for_age%5D=&amp;q%5Bcourses_day_number%5D=&amp;commit=Filtrer&amp;with-scroll-to=true\">INSCRIPTION EN LIGNE SAISON 2023 2024 ICI<\/a><\/p>\n<p>Avec St\u00e9phanie LE TALOUR[\/vc_column_text][\/vc_column][\/vc_row][vc_row bg_type=\u00a0\u00bbbg_color\u00a0\u00bb bg_color_value=\u00a0\u00bb#0d1421&Prime; css=\u00a0\u00bb.vc_custom_1504709256430{padding-bottom: 40px !important;}\u00a0\u00bb][vc_column width=\u00a0\u00bb1\/2&Prime;][vc_accordion active_tab=\u00a0\u00bb1&Prime; style=\u00a0\u00bb2&Prime;][vc_accordion_tab title=\u00a0\u00bbAdultes\u00a0\u00bb][vc_column_text css=\u00a0\u00bb.vc_custom_1684444643914{margin-bottom: 0px !important;}\u00a0\u00bb]<\/p>\n<table>\n<tbody>\n<tr>\n<td><span style=\"color: #ffffff;\">PUBLIC<\/span><\/td>\n<td><span style=\"color: #ffffff;\">JOUR<\/span><\/td>\n<td><span style=\"color: #ffffff;\">HEURE<\/span><\/td>\n<td><span style=\"color: #ffffff;\">TARIF<\/span><\/td>\n<\/tr>\n<tr>\n<td>Gym senior adapt\u00e9e<\/td>\n<td>Lundi<\/td>\n<td>15H30<\/td>\n<td>135 \u20ac*<\/td>\n<\/tr>\n<tr>\n<td>Gym senior<\/td>\n<td>Jeudi<\/td>\n<td>14H00<\/td>\n<td>135 \u20ac*<\/td>\n<\/tr>\n<\/tbody>\n<\/table>\n<p>&nbsp;<\/p>\n<p>*Cours d&rsquo;1h[\/vc_column_text][\/vc_accordion_tab][\/vc_accordion][\/vc_column][vc_column width=\u00a0\u00bb1\/2&Prime;][vc_single_image image=\u00a0\u00bb1867&Prime; img_size=\u00a0\u00bbfull\u00a0\u00bb alignment=\u00a0\u00bbright\u00a0\u00bb][\/vc_column][\/vc_row]<\/p>\n","protected":false},"excerpt":{"rendered":"<p>[vc_row][vc_column width=\u00a0\u00bb1\/4&Prime;][vc_single_image image=\u00a0\u00bb3268&Prime; img_size=\u00a0\u00bbmedium\u00a0\u00bb style=\u00a0\u00bbvc_box_circle_2&Prime;][\/vc_column][vc_column width=\u00a0\u00bb3\/4&Prime; css=\u00a0\u00bb.vc_custom_1508766391958{margin-left: 10px !important;}\u00a0\u00bb][vc_column_text css=\u00a0\u00bb.vc_custom_1711016928454{padding-left: 0px !important;}\u00a0\u00bb] Les cours de gym d\u2019entretien ne vous conviennent plus ? Bougez en douceur pour entretenir votre tonus musculaire gr\u00e2ce \u00e0 des exercices sp\u00e9cialement con\u00e7us pour \u00eatre utiles dans la vie quotidienne. Renforcez vos muscles tout en prenant en compte d&rsquo;\u00e9ventuelles pathologies, en am\u00e9liorant&hellip;<\/p>\n","protected":false},"author":1,"featured_media":0,"parent":0,"menu_order":0,"comment_status":"closed","ping_status":"closed","template":"","meta":[],"yoast_head":"<!-- This site is optimized with the Yoast SEO plugin v20.4 - https:\/\/yoast.com\/wordpress\/plugins\/seo\/ -->\n<title>Gym senior - La MAL d&#039;Auray<\/title>\n<meta name=\"robots\" content=\"index, follow, max-snippet:-1, max-image-preview:large, max-video-preview:-1\" \/>\n<link rel=\"canonical\" href=\"http:\/\/mal-auray.org\/index.php\/gym-senior\/\" \/>\n<meta property=\"og:locale\" content=\"fr_FR\" \/>\n<meta property=\"og:type\" content=\"article\" \/>\n<meta property=\"og:title\" content=\"Gym senior - La MAL d&#039;Auray\" \/>\n<meta property=\"og:description\" content=\"[vc_row][vc_column width=\u00a0\u00bb1\/4&Prime;][vc_single_image image=\u00a0\u00bb3268&Prime; img_size=\u00a0\u00bbmedium\u00a0\u00bb style=\u00a0\u00bbvc_box_circle_2&Prime;][\/vc_column][vc_column width=\u00a0\u00bb3\/4&Prime; css=\u00a0\u00bb.vc_custom_1508766391958{margin-left: 10px !important;}\u00a0\u00bb][vc_column_text css=\u00a0\u00bb.vc_custom_1711016928454{padding-left: 0px !important;}\u00a0\u00bb] Les cours de gym d\u2019entretien ne vous conviennent plus ? Bougez en douceur pour entretenir votre tonus musculaire gr\u00e2ce \u00e0 des exercices sp\u00e9cialement con\u00e7us pour \u00eatre utiles dans la vie quotidienne. Renforcez vos muscles tout en prenant en compte d&rsquo;\u00e9ventuelles pathologies, en am\u00e9liorant&hellip;\" \/>\n<meta property=\"og:url\" content=\"http:\/\/mal-auray.org\/index.php\/gym-senior\/\" \/>\n<meta property=\"og:site_name\" content=\"La MAL d&#039;Auray\" \/>\n<meta property=\"article:publisher\" content=\"https:\/\/www.facebook.com\/MaisonAnimationLoisirs\/\" \/>\n<meta property=\"article:modified_time\" content=\"2024-03-21T10:28:52+00:00\" \/>\n<meta name=\"twitter:card\" content=\"summary_large_image\" \/>\n<meta name=\"twitter:label1\" content=\"Dur\u00e9e de lecture estim\u00e9e\" \/>\n\t<meta name=\"twitter:data1\" content=\"1 minute\" \/>\n<script type=\"application\/ld+json\" class=\"yoast-schema-graph\">{\"@context\":\"https:\/\/schema.org\",\"@graph\":[{\"@type\":\"WebPage\",\"@id\":\"http:\/\/mal-auray.org\/index.php\/gym-senior\/\",\"url\":\"http:\/\/mal-auray.org\/index.php\/gym-senior\/\",\"name\":\"Gym senior - La MAL d&#039;Auray\",\"isPartOf\":{\"@id\":\"http:\/\/mal-auray.org\/#website\"},\"datePublished\":\"2017-09-07T08:54:51+00:00\",\"dateModified\":\"2024-03-21T10:28:52+00:00\",\"breadcrumb\":{\"@id\":\"http:\/\/mal-auray.org\/index.php\/gym-senior\/#breadcrumb\"},\"inLanguage\":\"fr-FR\",\"potentialAction\":[{\"@type\":\"ReadAction\",\"target\":[\"http:\/\/mal-auray.org\/index.php\/gym-senior\/\"]}]},{\"@type\":\"BreadcrumbList\",\"@id\":\"http:\/\/mal-auray.org\/index.php\/gym-senior\/#breadcrumb\",\"itemListElement\":[{\"@type\":\"ListItem\",\"position\":1,\"name\":\"Accueil\",\"item\":\"http:\/\/mal-auray.org\/\"},{\"@type\":\"ListItem\",\"position\":2,\"name\":\"Gym senior\"}]},{\"@type\":\"WebSite\",\"@id\":\"http:\/\/mal-auray.org\/#website\",\"url\":\"http:\/\/mal-auray.org\/\",\"name\":\"La MAL d&#039;Auray\",\"description\":\"Une association de loisirs pour tous\",\"publisher\":{\"@id\":\"http:\/\/mal-auray.org\/#organization\"},\"potentialAction\":[{\"@type\":\"SearchAction\",\"target\":{\"@type\":\"EntryPoint\",\"urlTemplate\":\"http:\/\/mal-auray.org\/?s={search_term_string}\"},\"query-input\":\"required name=search_term_string\"}],\"inLanguage\":\"fr-FR\"},{\"@type\":\"Organization\",\"@id\":\"http:\/\/mal-auray.org\/#organization\",\"name\":\"La MAL d&#039;Auray\",\"url\":\"http:\/\/mal-auray.org\/\",\"logo\":{\"@type\":\"ImageObject\",\"inLanguage\":\"fr-FR\",\"@id\":\"http:\/\/mal-auray.org\/#\/schema\/logo\/image\/\",\"url\":\"http:\/\/mal-auray.org\/wp-content\/uploads\/2017\/09\/logo-MAL.png\",\"contentUrl\":\"http:\/\/mal-auray.org\/wp-content\/uploads\/2017\/09\/logo-MAL.png\",\"width\":198,\"height\":65,\"caption\":\"La MAL d&#039;Auray\"},\"image\":{\"@id\":\"http:\/\/mal-auray.org\/#\/schema\/logo\/image\/\"},\"sameAs\":[\"https:\/\/www.facebook.com\/MaisonAnimationLoisirs\/\"]}]}<\/script>\n<!-- \/ Yoast SEO plugin. -->","yoast_head_json":{"title":"Gym senior - La MAL d&#039;Auray","robots":{"index":"index","follow":"follow","max-snippet":"max-snippet:-1","max-image-preview":"max-image-preview:large","max-video-preview":"max-video-preview:-1"},"canonical":"http:\/\/mal-auray.org\/index.php\/gym-senior\/","og_locale":"fr_FR","og_type":"article","og_title":"Gym senior - La MAL d&#039;Auray","og_description":"[vc_row][vc_column width=\u00a0\u00bb1\/4&Prime;][vc_single_image image=\u00a0\u00bb3268&Prime; img_size=\u00a0\u00bbmedium\u00a0\u00bb style=\u00a0\u00bbvc_box_circle_2&Prime;][\/vc_column][vc_column width=\u00a0\u00bb3\/4&Prime; css=\u00a0\u00bb.vc_custom_1508766391958{margin-left: 10px !important;}\u00a0\u00bb][vc_column_text css=\u00a0\u00bb.vc_custom_1711016928454{padding-left: 0px !important;}\u00a0\u00bb] Les cours de gym d\u2019entretien ne vous conviennent plus ? Bougez en douceur pour entretenir votre tonus musculaire gr\u00e2ce \u00e0 des exercices sp\u00e9cialement con\u00e7us pour \u00eatre utiles dans la vie quotidienne. Renforcez vos muscles tout en prenant en compte d&rsquo;\u00e9ventuelles pathologies, en am\u00e9liorant&hellip;","og_url":"http:\/\/mal-auray.org\/index.php\/gym-senior\/","og_site_name":"La MAL d&#039;Auray","article_publisher":"https:\/\/www.facebook.com\/MaisonAnimationLoisirs\/","article_modified_time":"2024-03-21T10:28:52+00:00","twitter_card":"summary_large_image","twitter_misc":{"Dur\u00e9e de lecture estim\u00e9e":"1 minute"},"schema":{"@context":"https:\/\/schema.org","@graph":[{"@type":"WebPage","@id":"http:\/\/mal-auray.org\/index.php\/gym-senior\/","url":"http:\/\/mal-auray.org\/index.php\/gym-senior\/","name":"Gym senior - La MAL d&#039;Auray","isPartOf":{"@id":"http:\/\/mal-auray.org\/#website"},"datePublished":"2017-09-07T08:54:51+00:00","dateModified":"2024-03-21T10:28:52+00:00","breadcrumb":{"@id":"http:\/\/mal-auray.org\/index.php\/gym-senior\/#breadcrumb"},"inLanguage":"fr-FR","potentialAction":[{"@type":"ReadAction","target":["http:\/\/mal-auray.org\/index.php\/gym-senior\/"]}]},{"@type":"BreadcrumbList","@id":"http:\/\/mal-auray.org\/index.php\/gym-senior\/#breadcrumb","itemListElement":[{"@type":"ListItem","position":1,"name":"Accueil","item":"http:\/\/mal-auray.org\/"},{"@type":"ListItem","position":2,"name":"Gym senior"}]},{"@type":"WebSite","@id":"http:\/\/mal-auray.org\/#website","url":"http:\/\/mal-auray.org\/","name":"La MAL d&#039;Auray","description":"Une association de loisirs pour tous","publisher":{"@id":"http:\/\/mal-auray.org\/#organization"},"potentialAction":[{"@type":"SearchAction","target":{"@type":"EntryPoint","urlTemplate":"http:\/\/mal-auray.org\/?s={search_term_string}"},"query-input":"required name=search_term_string"}],"inLanguage":"fr-FR"},{"@type":"Organization","@id":"http:\/\/mal-auray.org\/#organization","name":"La MAL d&#039;Auray","url":"http:\/\/mal-auray.org\/","logo":{"@type":"ImageObject","inLanguage":"fr-FR","@id":"http:\/\/mal-auray.org\/#\/schema\/logo\/image\/","url":"http:\/\/mal-auray.org\/wp-content\/uploads\/2017\/09\/logo-MAL.png","contentUrl":"http:\/\/mal-auray.org\/wp-content\/uploads\/2017\/09\/logo-MAL.png","width":198,"height":65,"caption":"La MAL d&#039;Auray"},"image":{"@id":"http:\/\/mal-auray.org\/#\/schema\/logo\/image\/"},"sameAs":["https:\/\/www.facebook.com\/MaisonAnimationLoisirs\/"]}]}},"_links":{"self":[{"href":"http:\/\/mal-auray.org\/index.php\/wp-json\/wp\/v2\/pages\/1664"}],"collection":[{"href":"http:\/\/mal-auray.org\/index.php\/wp-json\/wp\/v2\/pages"}],"about":[{"href":"http:\/\/mal-auray.org\/index.php\/wp-json\/wp\/v2\/types\/page"}],"author":[{"embeddable":true,"href":"http:\/\/mal-auray.org\/index.php\/wp-json\/wp\/v2\/users\/1"}],"replies":[{"embeddable":true,"href":"http:\/\/mal-auray.org\/index.php\/wp-json\/wp\/v2\/comments?post=1664"}],"version-history":[{"count":15,"href":"http:\/\/mal-auray.org\/index.php\/wp-json\/wp\/v2\/pages\/1664\/revisions"}],"predecessor-version":[{"id":5644,"href":"http:\/\/mal-auray.org\/index.php\/wp-json\/wp\/v2\/pages\/1664\/revisions\/5644"}],"wp:attachment":[{"href":"http:\/\/mal-auray.org\/index.php\/wp-json\/wp\/v2\/media?parent=1664"}],"curies":[{"name":"wp","href":"https:\/\/api.w.org\/{rel}","templated":true}]}}