{"id":1515,"date":"2017-09-06T18:46:34","date_gmt":"2017-09-06T16:46:34","guid":{"rendered":"http:\/\/mal-auray.org\/?page_id=1515"},"modified":"2024-07-09T21:37:38","modified_gmt":"2024-07-09T19:37:38","slug":"accordeon-diatonique","status":"publish","type":"page","link":"http:\/\/mal-auray.org\/index.php\/accordeon-diatonique\/","title":{"rendered":"Accord\u00e9on diatonique"},"content":{"rendered":"<p>Cet instrument aux multiples r\u00e9pertoires (musique traditionnelle de Bretagne et du monde, chant de marins, chanson fran\u00e7aise, etc\u2026) ne n\u00e9cessite pas la connaissance du solf\u00e8ge. La m\u00e9thode d\u2019apprentissage \u00e0 l\u2019oreille et le support des tablatures, permettent \u00e0 chacun de jouer les premiers morceaux rapidement. La pratique collective est privil\u00e9gi\u00e9e afin de d\u00e9velopper le sens de l\u2019\u00e9coute et la capacit\u00e9 de coordination. N\u00e9cessite d\u2019avoir son instrument ou de le louer.<br \/>\n30 cours (dont 3 stages) sur l\u2019ann\u00e9e de 20 min\/personne\/semaine ou 40min\/bin\u00f4me\/semaine ou 60min\/trin\u00f4me\/semaine etc.<\/p>\n<p><strong>Intervenants :<\/strong> Audrey GUEGAN et Ronan ROBERT<\/p>\n<blockquote><p><strong>Horaires, tarifs et inscriptions :<\/strong> <a href=\"https:\/\/mal-auray.goasso.org\/activites?q%5Bactivity_schedules_schedule_type_in%5D%5B%5D=0&amp;q%5Bactivity_schedules_schedule_type_in%5D%5B%5D=3&amp;q%5Bactivity_schedules_sub_schedule_type_eq%5D=0\">c&rsquo;est par ici<\/a><\/p><\/blockquote>\n","protected":false},"excerpt":{"rendered":"<p>Cet instrument aux multiples r\u00e9pertoires (musique traditionnelle de Bretagne et du monde, chant de marins, chanson fran\u00e7aise, etc\u2026) ne n\u00e9cessite pas la connaissance du solf\u00e8ge. La m\u00e9thode d\u2019apprentissage \u00e0 l\u2019oreille et le support des tablatures, permettent \u00e0 chacun de jouer les premiers morceaux rapidement. La pratique collective est privil\u00e9gi\u00e9e afin de d\u00e9velopper le sens de&hellip;<\/p>\n","protected":false},"author":1,"featured_media":0,"parent":0,"menu_order":0,"comment_status":"closed","ping_status":"closed","template":"","meta":[],"yoast_head":"<!-- This site is optimized with the Yoast SEO plugin v20.4 - https:\/\/yoast.com\/wordpress\/plugins\/seo\/ -->\n<title>Accord\u00e9on diatonique - La MAL d&#039;Auray Accord\u00e9on diatonique<\/title>\n<meta name=\"description\" content=\"L\u2019apprentissage de l&#039;accord\u00e9on diatonique ne n\u00e9cessite pas la connaissance du solf\u00e8ge. Il se r\u00e9alise en petit groupe de 2 \u00e0 3 personnes.\" \/>\n<meta name=\"robots\" content=\"index, follow, max-snippet:-1, max-image-preview:large, max-video-preview:-1\" \/>\n<link rel=\"canonical\" href=\"https:\/\/mal-auray.org\/index.php\/accordeon-diatonique\/\" \/>\n<meta property=\"og:locale\" content=\"fr_FR\" \/>\n<meta property=\"og:type\" content=\"article\" \/>\n<meta property=\"og:title\" content=\"Accord\u00e9on diatonique - La MAL d&#039;Auray Accord\u00e9on diatonique\" \/>\n<meta property=\"og:description\" content=\"L\u2019apprentissage de l&#039;accord\u00e9on diatonique ne n\u00e9cessite pas la connaissance du solf\u00e8ge. Il se r\u00e9alise en petit groupe de 2 \u00e0 3 personnes.\" \/>\n<meta property=\"og:url\" content=\"https:\/\/mal-auray.org\/index.php\/accordeon-diatonique\/\" \/>\n<meta property=\"og:site_name\" content=\"La MAL d&#039;Auray\" \/>\n<meta property=\"article:publisher\" content=\"https:\/\/www.facebook.com\/MaisonAnimationLoisirs\/\" \/>\n<meta property=\"article:modified_time\" content=\"2024-07-09T19:37:38+00:00\" \/>\n<meta name=\"twitter:card\" content=\"summary_large_image\" \/>\n<meta name=\"twitter:label1\" content=\"Dur\u00e9e de lecture estim\u00e9e\" \/>\n\t<meta name=\"twitter:data1\" content=\"1 minute\" \/>\n<script type=\"application\/ld+json\" class=\"yoast-schema-graph\">{\"@context\":\"https:\/\/schema.org\",\"@graph\":[{\"@type\":\"WebPage\",\"@id\":\"https:\/\/mal-auray.org\/index.php\/accordeon-diatonique\/\",\"url\":\"https:\/\/mal-auray.org\/index.php\/accordeon-diatonique\/\",\"name\":\"Accord\u00e9on diatonique - La MAL d&#039;Auray Accord\u00e9on diatonique\",\"isPartOf\":{\"@id\":\"http:\/\/mal-auray.org\/#website\"},\"datePublished\":\"2017-09-06T16:46:34+00:00\",\"dateModified\":\"2024-07-09T19:37:38+00:00\",\"description\":\"L\u2019apprentissage de l'accord\u00e9on diatonique ne n\u00e9cessite pas la connaissance du solf\u00e8ge. Il se r\u00e9alise en petit groupe de 2 \u00e0 3 personnes.\",\"breadcrumb\":{\"@id\":\"https:\/\/mal-auray.org\/index.php\/accordeon-diatonique\/#breadcrumb\"},\"inLanguage\":\"fr-FR\",\"potentialAction\":[{\"@type\":\"ReadAction\",\"target\":[\"https:\/\/mal-auray.org\/index.php\/accordeon-diatonique\/\"]}]},{\"@type\":\"BreadcrumbList\",\"@id\":\"https:\/\/mal-auray.org\/index.php\/accordeon-diatonique\/#breadcrumb\",\"itemListElement\":[{\"@type\":\"ListItem\",\"position\":1,\"name\":\"Accueil\",\"item\":\"http:\/\/mal-auray.org\/\"},{\"@type\":\"ListItem\",\"position\":2,\"name\":\"Accord\u00e9on diatonique\"}]},{\"@type\":\"WebSite\",\"@id\":\"http:\/\/mal-auray.org\/#website\",\"url\":\"http:\/\/mal-auray.org\/\",\"name\":\"La MAL d&#039;Auray\",\"description\":\"Une association de loisirs pour tous\",\"publisher\":{\"@id\":\"http:\/\/mal-auray.org\/#organization\"},\"potentialAction\":[{\"@type\":\"SearchAction\",\"target\":{\"@type\":\"EntryPoint\",\"urlTemplate\":\"http:\/\/mal-auray.org\/?s={search_term_string}\"},\"query-input\":\"required name=search_term_string\"}],\"inLanguage\":\"fr-FR\"},{\"@type\":\"Organization\",\"@id\":\"http:\/\/mal-auray.org\/#organization\",\"name\":\"La MAL d&#039;Auray\",\"url\":\"http:\/\/mal-auray.org\/\",\"logo\":{\"@type\":\"ImageObject\",\"inLanguage\":\"fr-FR\",\"@id\":\"http:\/\/mal-auray.org\/#\/schema\/logo\/image\/\",\"url\":\"http:\/\/mal-auray.org\/wp-content\/uploads\/2017\/09\/logo-MAL.png\",\"contentUrl\":\"http:\/\/mal-auray.org\/wp-content\/uploads\/2017\/09\/logo-MAL.png\",\"width\":198,\"height\":65,\"caption\":\"La MAL d&#039;Auray\"},\"image\":{\"@id\":\"http:\/\/mal-auray.org\/#\/schema\/logo\/image\/\"},\"sameAs\":[\"https:\/\/www.facebook.com\/MaisonAnimationLoisirs\/\"]}]}<\/script>\n<!-- \/ Yoast SEO plugin. -->","yoast_head_json":{"title":"Accord\u00e9on diatonique - La MAL d&#039;Auray Accord\u00e9on diatonique","description":"L\u2019apprentissage de l'accord\u00e9on diatonique ne n\u00e9cessite pas la connaissance du solf\u00e8ge. Il se r\u00e9alise en petit groupe de 2 \u00e0 3 personnes.","robots":{"index":"index","follow":"follow","max-snippet":"max-snippet:-1","max-image-preview":"max-image-preview:large","max-video-preview":"max-video-preview:-1"},"canonical":"https:\/\/mal-auray.org\/index.php\/accordeon-diatonique\/","og_locale":"fr_FR","og_type":"article","og_title":"Accord\u00e9on diatonique - La MAL d&#039;Auray Accord\u00e9on diatonique","og_description":"L\u2019apprentissage de l'accord\u00e9on diatonique ne n\u00e9cessite pas la connaissance du solf\u00e8ge. Il se r\u00e9alise en petit groupe de 2 \u00e0 3 personnes.","og_url":"https:\/\/mal-auray.org\/index.php\/accordeon-diatonique\/","og_site_name":"La MAL d&#039;Auray","article_publisher":"https:\/\/www.facebook.com\/MaisonAnimationLoisirs\/","article_modified_time":"2024-07-09T19:37:38+00:00","twitter_card":"summary_large_image","twitter_misc":{"Dur\u00e9e de lecture estim\u00e9e":"1 minute"},"schema":{"@context":"https:\/\/schema.org","@graph":[{"@type":"WebPage","@id":"https:\/\/mal-auray.org\/index.php\/accordeon-diatonique\/","url":"https:\/\/mal-auray.org\/index.php\/accordeon-diatonique\/","name":"Accord\u00e9on diatonique - La MAL d&#039;Auray Accord\u00e9on diatonique","isPartOf":{"@id":"http:\/\/mal-auray.org\/#website"},"datePublished":"2017-09-06T16:46:34+00:00","dateModified":"2024-07-09T19:37:38+00:00","description":"L\u2019apprentissage de l'accord\u00e9on diatonique ne n\u00e9cessite pas la connaissance du solf\u00e8ge. Il se r\u00e9alise en petit groupe de 2 \u00e0 3 personnes.","breadcrumb":{"@id":"https:\/\/mal-auray.org\/index.php\/accordeon-diatonique\/#breadcrumb"},"inLanguage":"fr-FR","potentialAction":[{"@type":"ReadAction","target":["https:\/\/mal-auray.org\/index.php\/accordeon-diatonique\/"]}]},{"@type":"BreadcrumbList","@id":"https:\/\/mal-auray.org\/index.php\/accordeon-diatonique\/#breadcrumb","itemListElement":[{"@type":"ListItem","position":1,"name":"Accueil","item":"http:\/\/mal-auray.org\/"},{"@type":"ListItem","position":2,"name":"Accord\u00e9on diatonique"}]},{"@type":"WebSite","@id":"http:\/\/mal-auray.org\/#website","url":"http:\/\/mal-auray.org\/","name":"La MAL d&#039;Auray","description":"Une association de loisirs pour tous","publisher":{"@id":"http:\/\/mal-auray.org\/#organization"},"potentialAction":[{"@type":"SearchAction","target":{"@type":"EntryPoint","urlTemplate":"http:\/\/mal-auray.org\/?s={search_term_string}"},"query-input":"required name=search_term_string"}],"inLanguage":"fr-FR"},{"@type":"Organization","@id":"http:\/\/mal-auray.org\/#organization","name":"La MAL d&#039;Auray","url":"http:\/\/mal-auray.org\/","logo":{"@type":"ImageObject","inLanguage":"fr-FR","@id":"http:\/\/mal-auray.org\/#\/schema\/logo\/image\/","url":"http:\/\/mal-auray.org\/wp-content\/uploads\/2017\/09\/logo-MAL.png","contentUrl":"http:\/\/mal-auray.org\/wp-content\/uploads\/2017\/09\/logo-MAL.png","width":198,"height":65,"caption":"La MAL d&#039;Auray"},"image":{"@id":"http:\/\/mal-auray.org\/#\/schema\/logo\/image\/"},"sameAs":["https:\/\/www.facebook.com\/MaisonAnimationLoisirs\/"]}]}},"_links":{"self":[{"href":"http:\/\/mal-auray.org\/index.php\/wp-json\/wp\/v2\/pages\/1515"}],"collection":[{"href":"http:\/\/mal-auray.org\/index.php\/wp-json\/wp\/v2\/pages"}],"about":[{"href":"http:\/\/mal-auray.org\/index.php\/wp-json\/wp\/v2\/types\/page"}],"author":[{"embeddable":true,"href":"http:\/\/mal-auray.org\/index.php\/wp-json\/wp\/v2\/users\/1"}],"replies":[{"embeddable":true,"href":"http:\/\/mal-auray.org\/index.php\/wp-json\/wp\/v2\/comments?post=1515"}],"version-history":[{"count":28,"href":"http:\/\/mal-auray.org\/index.php\/wp-json\/wp\/v2\/pages\/1515\/revisions"}],"predecessor-version":[{"id":5953,"href":"http:\/\/mal-auray.org\/index.php\/wp-json\/wp\/v2\/pages\/1515\/revisions\/5953"}],"wp:attachment":[{"href":"http:\/\/mal-auray.org\/index.php\/wp-json\/wp\/v2\/media?parent=1515"}],"curies":[{"name":"wp","href":"https:\/\/api.w.org\/{rel}","templated":true}]}}